CRAN Package Check Results for Package warbleR

Last updated on 2020-12-01 01:49:03 CET.

Flavor Version Tinstall Tcheck Ttotal Status Flags
r-devel-linux-x86_64-debian-clang 1.1.24 46.34 215.75 262.09 OK
r-devel-linux-x86_64-debian-gcc 1.1.24 29.57 155.92 185.49 OK
r-devel-linux-x86_64-fedora-clang 1.1.24 297.76 NOTE
r-devel-linux-x86_64-fedora-gcc 1.1.24 294.32 OK
r-devel-windows-ix86+x86_64 1.1.24 53.00 191.00 244.00 NOTE
r-patched-linux-x86_64 1.1.24 43.46 204.42 247.88 OK
r-patched-solaris-x86 1.1.24 344.00 NOTE
r-release-linux-x86_64 1.1.24 38.88 203.46 242.34 OK
r-release-macos-x86_64 1.1.24 NOTE
r-release-windows-ix86+x86_64 1.1.24 55.00 194.00 249.00 NOTE
r-oldrel-macos-x86_64 1.1.24 NOTE
r-oldrel-windows-ix86+x86_64 1.1.24 42.00 241.00 283.00 NOTE

Check Details

Version: 1.1.24
Check: installed package size
Result: NOTE
     installed size is 7.1Mb
     sub-directories of 1Mb or more:
     R 1.1Mb
     doc 5.5Mb
Flavors: r-devel-linux-x86_64-fedora-clang, r-devel-windows-ix86+x86_64, r-patched-solaris-x86, r-release-macos-x86_64, r-release-windows-ix86+x86_64, r-oldrel-macos-x86_64, r-oldrel-windows-ix86+x86_64