CRAN Package Check Results for Package webmockr

Last updated on 2022-07-01 01:49:46 CEST.

Flavor Version Tinstall Tcheck Ttotal Status Flags
r-devel-linux-x86_64-debian-clang 0.8.0 14.97 50.81 65.78 NOTE
r-devel-linux-x86_64-debian-gcc 0.8.0 11.98 38.87 50.85 NOTE
r-devel-linux-x86_64-fedora-clang 0.8.0 90.45 NOTE
r-devel-linux-x86_64-fedora-gcc 0.8.0 90.85 NOTE
r-devel-windows-x86_64 0.8.0 67.00 83.00 150.00 NOTE
r-patched-linux-x86_64 0.8.0 16.62 49.51 66.13 NOTE
r-release-linux-x86_64 0.8.0 11.27 48.94 60.21 NOTE
r-release-macos-arm64 0.8.0 27.00 NOTE
r-release-macos-x86_64 0.8.0 38.00 NOTE
r-release-windows-x86_64 0.8.0 22.00 85.00 107.00 NOTE
r-oldrel-macos-arm64 0.8.0 32.00 NOTE
r-oldrel-macos-x86_64 0.8.0 51.00 NOTE
r-oldrel-windows-ix86+x86_64 0.8.0 26.00 72.00 98.00 NOTE

Check Details

Version: 0.8.0
Check: LazyData
Result: NOTE
     'LazyData' is specified without a 'data' directory
Flavors: r-devel-linux-x86_64-debian-clang, r-devel-linux-x86_64-debian-gcc, r-devel-linux-x86_64-fedora-clang, r-devel-linux-x86_64-fedora-gcc, r-devel-windows-x86_64, r-patched-linux-x86_64, r-release-linux-x86_64, r-release-macos-arm64, r-release-macos-x86_64, r-release-windows-x86_64, r-oldrel-macos-arm64, r-oldrel-macos-x86_64, r-oldrel-windows-ix86+x86_64