Last updated on 2024-03-28 01:54:14 CET.
Flavor | Version | Tinstall | Tcheck | Ttotal | Status | Flags |
---|---|---|---|---|---|---|
r-devel-linux-x86_64-debian-clang | 0.1.5 | 14.78 | 145.80 | 160.58 | NOTE | |
r-devel-linux-x86_64-debian-gcc | 0.1.5 | 10.88 | 107.41 | 118.29 | NOTE | |
r-devel-linux-x86_64-fedora-clang | 0.1.5 | 207.23 | NOTE | |||
r-devel-linux-x86_64-fedora-gcc | 0.1.5 | 215.06 | NOTE | |||
r-devel-windows-x86_64 | 0.1.5 | 13.00 | 122.00 | 135.00 | NOTE | |
r-patched-linux-x86_64 | 0.1.5 | 13.19 | 137.78 | 150.97 | NOTE | |
r-release-linux-x86_64 | 0.1.5 | 11.74 | 133.44 | 145.18 | NOTE | |
r-release-macos-arm64 | 0.1.5 | 63.00 | NOTE | |||
r-release-macos-x86_64 | 0.1.5 | 101.00 | NOTE | |||
r-release-windows-x86_64 | 0.1.5 | 19.00 | 146.00 | 165.00 | NOTE | |
r-oldrel-macos-arm64 | 0.1.5 | 52.00 | NOTE | |||
r-oldrel-windows-x86_64 | 0.1.5 | 21.00 | 159.00 | 180.00 | NOTE |
Version: 0.1.5
Check: LazyData
Result: NOTE
'LazyData' is specified without a 'data' directory
Flavors: r-devel-linux-x86_64-debian-clang, r-devel-linux-x86_64-debian-gcc, r-devel-linux-x86_64-fedora-clang, r-devel-linux-x86_64-fedora-gcc, r-devel-windows-x86_64, r-patched-linux-x86_64, r-release-linux-x86_64, r-release-macos-arm64, r-release-macos-x86_64, r-release-windows-x86_64, r-oldrel-macos-arm64, r-oldrel-windows-x86_64
Version: 0.1.5
Check: dependencies in R code
Result: NOTE
Namespaces in Imports field not imported from:
‘shiny’ ‘tidyselect’
All declared Imports should be used.
Flavors: r-devel-linux-x86_64-fedora-clang, r-devel-linux-x86_64-fedora-gcc, r-oldrel-macos-arm64