CRAN Package Check Results for Package websocket

Last updated on 2022-07-06 01:50:38 CEST.

Flavor Version Tinstall Tcheck Ttotal Status Flags
r-devel-linux-x86_64-debian-clang 1.4.1 87.11 37.53 124.64 NOTE
r-devel-linux-x86_64-debian-gcc 1.4.1 73.77 29.22 102.99 NOTE
r-devel-linux-x86_64-fedora-clang 1.4.1 185.25 NOTE
r-devel-linux-x86_64-fedora-gcc 1.4.1 182.73 NOTE
r-devel-windows-x86_64 1.4.1 226.00 139.00 365.00 NOTE
r-patched-linux-x86_64 1.4.1 77.98 36.55 114.53 NOTE
r-release-linux-x86_64 1.4.1 75.48 36.05 111.53 NOTE
r-release-macos-arm64 1.4.1 57.00 NOTE
r-release-macos-x86_64 1.4.1 80.00 NOTE
r-release-windows-x86_64 1.4.1 276.00 140.00 416.00 NOTE
r-oldrel-macos-arm64 1.4.1 66.00 NOTE
r-oldrel-macos-x86_64 1.4.1 75.00 NOTE
r-oldrel-windows-ix86+x86_64 1.4.1 384.00 137.00 521.00 NOTE

Check Details

Version: 1.4.1
Check: for GNU extensions in Makefiles
Result: NOTE
    GNU make is a SystemRequirements.
Flavors: r-devel-linux-x86_64-debian-clang, r-devel-linux-x86_64-debian-gcc, r-devel-linux-x86_64-fedora-clang, r-devel-linux-x86_64-fedora-gcc, r-devel-windows-x86_64, r-patched-linux-x86_64, r-release-linux-x86_64, r-release-macos-arm64, r-release-macos-x86_64, r-release-windows-x86_64, r-oldrel-macos-arm64, r-oldrel-macos-x86_64, r-oldrel-windows-ix86+x86_64

Version: 1.4.1
Check: installed package size
Result: NOTE
     installed size is 16.0Mb
     sub-directories of 1Mb or more:
     libs 15.8Mb
Flavors: r-devel-linux-x86_64-fedora-clang, r-devel-windows-x86_64, r-release-macos-arm64, r-release-macos-x86_64, r-release-windows-x86_64, r-oldrel-macos-arm64, r-oldrel-macos-x86_64, r-oldrel-windows-ix86+x86_64