CRAN Package Check Results for Package whereami

Last updated on 2022-05-29 02:49:13 CEST.

Flavor Version Tinstall Tcheck Ttotal Status Flags
r-devel-linux-x86_64-debian-clang 0.1.9 3.08 48.27 51.35 NOTE
r-devel-linux-x86_64-debian-gcc 0.1.9 2.06 37.98 40.04 NOTE
r-devel-linux-x86_64-fedora-clang 0.1.9 62.95 NOTE
r-devel-linux-x86_64-fedora-gcc 0.1.9 50.30 NOTE
r-devel-windows-x86_64 0.1.9 30.00 76.00 106.00 NOTE
r-patched-linux-x86_64 0.1.9 3.13 47.10 50.23 NOTE
r-release-linux-x86_64 0.1.9 2.16 46.88 49.04 NOTE
r-release-macos-arm64 0.1.9 24.00 NOTE
r-release-macos-x86_64 0.1.9 34.00 NOTE
r-release-windows-x86_64 0.1.9 26.00 78.00 104.00 NOTE
r-oldrel-macos-arm64 0.1.9 31.00 NOTE
r-oldrel-macos-x86_64 0.1.9 41.00 NOTE
r-oldrel-windows-ix86+x86_64 0.1.9 7.00 65.00 72.00 NOTE

Check Details

Version: 0.1.9
Check: LazyData
Result: NOTE
     'LazyData' is specified without a 'data' directory
Flavors: r-devel-linux-x86_64-debian-clang, r-devel-linux-x86_64-debian-gcc, r-devel-linux-x86_64-fedora-clang, r-devel-linux-x86_64-fedora-gcc, r-devel-windows-x86_64, r-patched-linux-x86_64, r-release-linux-x86_64, r-release-macos-arm64, r-release-macos-x86_64, r-release-windows-x86_64, r-oldrel-macos-arm64, r-oldrel-macos-x86_64, r-oldrel-windows-ix86+x86_64