Last updated on 2024-03-28 01:54:15 CET.
Flavor | Version | Tinstall | Tcheck | Ttotal | Status | Flags |
---|---|---|---|---|---|---|
r-devel-linux-x86_64-debian-clang | 1.1.1 | 14.71 | 399.20 | 413.91 | OK | |
r-devel-linux-x86_64-debian-gcc | 1.1.1 | 13.31 | 297.85 | 311.16 | OK | |
r-devel-linux-x86_64-fedora-clang | 1.1.1 | 510.77 | NOTE | |||
r-devel-linux-x86_64-fedora-gcc | 1.1.1 | 494.94 | OK | |||
r-devel-windows-x86_64 | 1.1.1 | 15.00 | 293.00 | 308.00 | OK | |
r-patched-linux-x86_64 | 1.1.1 | 11.17 | 380.64 | 391.81 | OK | |
r-release-linux-x86_64 | 1.1.1 | 10.59 | 377.08 | 387.67 | OK | |
r-release-macos-arm64 | 1.1.1 | 226.00 | OK | |||
r-release-macos-x86_64 | 1.1.1 | 348.00 | OK | |||
r-release-windows-x86_64 | 1.1.1 | 21.00 | 375.00 | 396.00 | OK | |
r-oldrel-macos-arm64 | 1.1.1 | 151.00 | OK | |||
r-oldrel-windows-x86_64 | 1.1.1 | 20.00 | 371.00 | 391.00 | OK |
Version: 1.1.1
Check: package dependencies
Result: NOTE
Imports includes 22 non-default packages.
Importing from so many packages makes the package vulnerable to any of
them becoming unavailable. Move as many as possible to Suggests and
use conditionally.
Flavor: r-devel-linux-x86_64-fedora-clang