Last updated on 2024-04-19 01:59:06 CEST.
Flavor | Version | Tinstall | Tcheck | Ttotal | Status | Flags |
---|---|---|---|---|---|---|
r-devel-linux-x86_64-debian-clang | 0.4.0 | 3.47 | 36.46 | 39.93 | OK | |
r-devel-linux-x86_64-debian-gcc | 0.4.0 | 2.47 | 27.48 | 29.95 | OK | |
r-devel-linux-x86_64-fedora-clang | 0.4.0 | 50.62 | NOTE | |||
r-devel-linux-x86_64-fedora-gcc | 0.4.0 | 62.04 | OK | |||
r-prerel-macos-arm64 | 0.4.0 | 26.00 | OK | |||
r-prerel-windows-x86_64 | 0.4.0 | 4.00 | 51.00 | 55.00 | OK | |
r-patched-linux-x86_64 | 0.4.0 | 1.99 | 34.82 | 36.81 | OK | |
r-release-linux-x86_64 | 0.4.0 | 2.75 | 34.58 | 37.33 | OK | |
r-release-macos-arm64 | 0.4.0 | 28.00 | OK | |||
r-release-macos-x86_64 | 0.4.0 | 35.00 | OK | |||
r-release-windows-x86_64 | 0.4.0 | 5.00 | 53.00 | 58.00 | OK | |
r-oldrel-macos-arm64 | 0.4.0 | 22.00 | OK | |||
r-oldrel-windows-x86_64 | 0.4.0 | 6.00 | 56.00 | 62.00 | OK |
Version: 0.4.0
Check: Rd cross-references
Result: NOTE
Undeclared package ‘httr’ in Rd xrefs
Flavor: r-devel-linux-x86_64-fedora-clang