CRAN Package Check Results for Package wilson

Last updated on 2020-04-07 15:48:49 CEST.

Flavor Version Tinstall Tcheck Ttotal Status Flags
r-devel-linux-x86_64-debian-clang 2.3.1 9.60 86.33 95.93 OK
r-devel-linux-x86_64-debian-gcc 2.3.1 9.06 65.49 74.55 OK
r-devel-linux-x86_64-fedora-clang 2.3.1 127.87 NOTE
r-devel-linux-x86_64-fedora-gcc 2.3.1 109.07 NOTE
r-devel-windows-ix86+x86_64 2.3.1 36.00 118.00 154.00 ERROR
r-devel-windows-ix86+x86_64-gcc8 2.3.1 30.00 80.00 110.00 ERROR
r-patched-linux-x86_64 2.3.1 9.40 82.00 91.40 OK
r-patched-solaris-x86 2.3.1 152.10 NOTE
r-release-linux-x86_64 2.3.1 7.13 77.35 84.48 OK
r-release-windows-ix86+x86_64 2.3.1 20.00 154.00 174.00 OK
r-release-osx-x86_64 2.3.1 NOTE
r-oldrel-windows-ix86+x86_64 2.3.1 15.00 96.00 111.00 OK
r-oldrel-osx-x86_64 2.3.1 NOTE

Check Details

Version: 2.3.1
Check: package dependencies
Result: NOTE
    Imports includes 31 non-default packages.
    Importing from so many packages makes the package vulnerable to any of
    them becoming unavailable. Move as many as possible to Suggests and
    use conditionally.
Flavor: r-devel-linux-x86_64-fedora-clang

Version: 2.3.1
Check: dependencies in R code
Result: NOTE
    Namespace in Imports field not imported from: ‘magrittr’
     All declared Imports should be used.
Flavors: r-devel-linux-x86_64-fedora-clang, r-devel-linux-x86_64-fedora-gcc, r-patched-solaris-x86, r-release-osx-x86_64, r-oldrel-osx-x86_64

Version: 2.3.1
Check: tests
Result: ERROR
     Running 'testthat.R' [16s]
    Running the tests in 'tests/testthat.R' failed.
    Complete output:
     > library(testthat)
     > library(wilson)
    
     Attaching package: 'wilson'
    
     The following object is masked from 'package:stats':
    
     heatmap
    
     >
     > test_check("wilson")
     -- 1. Error: complexHeatmap is downloadable (@test-download.R#31) -------------
     width of the annotation can only be an absolute unit.
     Backtrace:
     1. ComplexHeatmap::Heatmap(mtcars)
     2. ComplexHeatmap::anno_text(...)
     3. ComplexHeatmap::AnnotationFunction(...)
     4. ComplexHeatmap:::anno_width_and_height(...)
     5. ComplexHeatmap:::stop_wrap("width of the annotation can only be an absolute unit.")
    
     Error : width of the annotation can only be an absolute unit.
     [1] "Error : width of the annotation can only be an absolute unit.\n"
     attr(,"class")
     [1] "try-error"
     attr(,"condition")
     <simpleError: width of the annotation can only be an absolute unit.>
     == testthat results ===========================================================
     [ OK: 54 | SKIPPED: 5 | WARNINGS: 22 | FAILED: 1 ]
     1. Error: complexHeatmap is downloadable (@test-download.R#31)
    
     Error: testthat unit tests failed
     Execution halted
Flavor: r-devel-windows-ix86+x86_64

Version: 2.3.1
Check: tests
Result: ERROR
     Running 'testthat.R' [12s]
    Running the tests in 'tests/testthat.R' failed.
    Complete output:
     > library(testthat)
     > library(wilson)
    
     Attaching package: 'wilson'
    
     The following object is masked from 'package:stats':
    
     heatmap
    
     >
     > test_check("wilson")
     -- 1. Error: complexHeatmap is downloadable (@test-download.R#31) -------------
     old version of unit class is no longer allowed
     Backtrace:
     1. ComplexHeatmap::Heatmap(mtcars)
     2. grid:::Ops.unit(row_dend_width, ht_opt$DENDROGRAM_PADDING)
     3. grid:::as.unit(e2)
    
     Error in as.unit(e2) : old version of unit class is no longer allowed
     [1] "Error in as.unit(e2) : old version of unit class is no longer allowed\n"
     attr(,"class")
     [1] "try-error"
     attr(,"condition")
     <simpleError in as.unit(e2): old version of unit class is no longer allowed>
     == testthat results ===========================================================
     [ OK: 54 | SKIPPED: 5 | WARNINGS: 22 | FAILED: 1 ]
     1. Error: complexHeatmap is downloadable (@test-download.R#31)
    
     Error: testthat unit tests failed
     Execution halted
Flavor: r-devel-windows-ix86+x86_64-gcc8