CRAN Package Check Results for Package winch

Last updated on 2022-01-20 01:50:53 CET.

Flavor Version Tinstall Tcheck Ttotal Status Flags
r-devel-linux-x86_64-debian-clang 0.0.7 OK
r-devel-linux-x86_64-debian-gcc 0.0.7 10.09 32.98 43.07 OK
r-devel-linux-x86_64-fedora-clang 0.0.7 71.97 OK
r-devel-linux-x86_64-fedora-gcc 0.0.7 55.13 OK
r-devel-windows-x86_64-new-UL 0.0.7 422.00 73.00 495.00 WARN
r-devel-windows-x86_64-new-TK 0.0.7 OK
r-patched-linux-x86_64 0.0.7 11.10 39.67 50.77 OK
r-release-linux-x86_64 0.0.7 OK
r-release-macos-arm64 0.0.7 OK
r-release-macos-x86_64 0.0.7 OK
r-release-windows-ix86+x86_64 0.0.7 86.00 63.00 149.00 OK
r-oldrel-macos-x86_64 0.0.7 OK
r-oldrel-windows-ix86+x86_64 0.0.7 91.00 64.00 155.00 OK

Check Details

Version: 0.0.7
Check: whether package can be installed
Result: WARN
    Found the following significant warnings:
     trace_back_backtrace.c:87:19: warning: too many arguments for format [-Wformat-extra-args]
Flavor: r-devel-windows-x86_64-new-UL