CRAN Package Check Results for Package wordbankr

Last updated on 2022-01-20 01:50:53 CET.

Flavor Version Tinstall Tcheck Ttotal Status Flags
r-devel-linux-x86_64-debian-clang 0.3.1 OK
r-devel-linux-x86_64-debian-gcc 0.3.1 14.02 118.27 132.29 OK
r-devel-linux-x86_64-fedora-clang 0.3.1 217.34 NOTE
r-devel-linux-x86_64-fedora-gcc 0.3.1 193.71 NOTE
r-devel-windows-x86_64-new-UL 0.3.1 44.00 271.00 315.00 OK
r-devel-windows-x86_64-new-TK 0.3.1 NOTE
r-patched-linux-x86_64 0.3.1 15.74 145.67 161.41 OK
r-release-linux-x86_64 0.3.1 OK
r-release-macos-arm64 0.3.1 NOTE
r-release-macos-x86_64 0.3.1 NOTE
r-release-windows-ix86+x86_64 0.3.1 37.00 280.00 317.00 OK
r-oldrel-macos-x86_64 0.3.1 NOTE
r-oldrel-windows-ix86+x86_64 0.3.1 37.00 289.00 326.00 OK

Check Details

Version: 0.3.1
Check: dependencies in R code
Result: NOTE
    Namespace in Imports field not imported from: ‘dbplyr’
     All declared Imports should be used.
Flavors: r-devel-linux-x86_64-fedora-clang, r-devel-linux-x86_64-fedora-gcc, r-devel-windows-x86_64-new-TK, r-release-macos-arm64, r-release-macos-x86_64, r-oldrel-macos-x86_64