Last updated on 2024-04-24 01:52:31 CEST.
Flavor | Version | Tinstall | Tcheck | Ttotal | Status | Flags |
---|---|---|---|---|---|---|
r-devel-linux-x86_64-debian-clang | 2.6 | 23.33 | 36.39 | 59.72 | OK | |
r-devel-linux-x86_64-debian-gcc | 2.6 | 15.01 | 26.87 | 41.88 | OK | |
r-devel-linux-x86_64-fedora-clang | 2.6 | 77.24 | NOTE | |||
r-devel-linux-x86_64-fedora-gcc | 2.6 | 71.57 | NOTE | |||
r-prerel-macos-arm64 | 2.6 | 23.00 | OK | |||
r-prerel-windows-x86_64 | 2.6 | 19.00 | 66.00 | 85.00 | OK | |
r-patched-linux-x86_64 | 2.6 | 20.00 | 34.58 | 54.58 | OK | |
r-release-linux-x86_64 | 2.6 | 17.81 | 34.15 | 51.96 | OK | |
r-release-macos-arm64 | 2.6 | 26.00 | OK | |||
r-release-macos-x86_64 | 2.6 | 39.00 | OK | |||
r-release-windows-x86_64 | 2.6 | 19.00 | 76.00 | 95.00 | OK | |
r-oldrel-macos-arm64 | 2.6 | 26.00 | OK | |||
r-oldrel-windows-x86_64 | 2.6 | 23.00 | 74.00 | 97.00 | OK |
Version: 2.6
Check: data for non-ASCII characters
Result: NOTE
Note: found 2 marked UTF-8 strings
Flavors: r-devel-linux-x86_64-fedora-clang, r-devel-linux-x86_64-fedora-gcc