Last updated on 2024-05-07 01:53:34 CEST.
Flavor | Version | Tinstall | Tcheck | Ttotal | Status | Flags |
---|---|---|---|---|---|---|
r-devel-linux-x86_64-debian-clang | 0.6.2 | 18.67 | 108.60 | 127.27 | OK | |
r-devel-linux-x86_64-debian-gcc | 0.6.2 | 14.17 | 78.36 | 92.53 | OK | |
r-devel-linux-x86_64-fedora-clang | 0.6.2 | 156.12 | NOTE | |||
r-devel-linux-x86_64-fedora-gcc | 0.6.2 | 196.88 | OK | |||
r-devel-windows-x86_64 | 0.6.2 | 15.00 | 157.00 | 172.00 | OK | |
r-patched-linux-x86_64 | 0.6.2 | 18.45 | 101.34 | 119.79 | OK | |
r-release-linux-x86_64 | 0.6.2 | 10.78 | 102.39 | 113.17 | OK | |
r-release-macos-arm64 | 0.6.2 | 99.00 | OK | |||
r-release-windows-x86_64 | 0.6.2 | 16.00 | 158.00 | 174.00 | OK | |
r-oldrel-macos-arm64 | 0.6.2 | 96.00 | OK | |||
r-oldrel-macos-x86_64 | 0.6.2 | 120.00 | OK | |||
r-oldrel-windows-x86_64 | 0.6.2 | 19.00 | 174.00 | 193.00 | OK |
Version: 0.6.2
Check: package dependencies
Result: NOTE
Imports includes 23 non-default packages.
Importing from so many packages makes the package vulnerable to any of
them becoming unavailable. Move as many as possible to Suggests and
use conditionally.
Flavor: r-devel-linux-x86_64-fedora-clang