Last updated on 2024-04-26 01:53:30 CEST.
Flavor | Version | Tinstall | Tcheck | Ttotal | Status | Flags |
---|---|---|---|---|---|---|
r-devel-linux-x86_64-debian-clang | 1.9.0 | 30.89 | 437.19 | 468.08 | NOTE | |
r-devel-linux-x86_64-debian-gcc | 1.9.0 | 24.67 | 310.80 | 335.47 | NOTE | |
r-devel-linux-x86_64-fedora-clang | 1.9.0 | 548.90 | NOTE | |||
r-devel-linux-x86_64-fedora-gcc | 1.9.0 | 548.04 | NOTE | |||
r-devel-windows-x86_64 | 1.9.0 | 24.00 | 360.00 | 384.00 | NOTE | |
r-patched-linux-x86_64 | 1.9.0 | 28.74 | 419.93 | 448.67 | NOTE | |
r-release-linux-x86_64 | 1.9.0 | 19.03 | 421.34 | 440.37 | OK | |
r-release-macos-arm64 | 1.9.0 | 137.00 | NOTE | |||
r-release-windows-x86_64 | 1.9.0 | 26.00 | 359.00 | 385.00 | NOTE | |
r-oldrel-macos-arm64 | 1.9.0 | 145.00 | OK | |||
r-oldrel-macos-x86_64 | 1.9.0 | 322.00 | OK | |||
r-oldrel-windows-x86_64 | 1.9.0 | 36.00 | 465.00 | 501.00 | OK |
Version: 1.9.0
Check: Rd files
Result: NOTE
checkRd: (-1) theme_wpa.Rd:16: Lost braces; missing escapes or markup?
16 | you can use this font, install and load {extrafont} prior to
| ^
Flavors: r-devel-linux-x86_64-debian-clang, r-devel-linux-x86_64-debian-gcc, r-devel-linux-x86_64-fedora-clang, r-devel-linux-x86_64-fedora-gcc, r-devel-windows-x86_64, r-patched-linux-x86_64, r-release-macos-arm64, r-release-windows-x86_64