Last updated on 2025-05-06 02:50:36 CEST.
Flavor | Version | Tinstall | Tcheck | Ttotal | Status | Flags |
---|---|---|---|---|---|---|
r-devel-linux-x86_64-debian-clang | 2.3-4 | 8.35 | 74.81 | 83.16 | NOTE | |
r-devel-linux-x86_64-debian-gcc | 2.3-4 | 5.63 | 53.17 | 58.80 | NOTE | |
r-devel-linux-x86_64-fedora-clang | 2.3-4 | 119.21 | OK | |||
r-devel-linux-x86_64-fedora-gcc | 2.3-4 | 120.42 | OK | |||
r-devel-windows-x86_64 | 2.3-4 | 11.00 | 85.00 | 96.00 | OK | |
r-patched-linux-x86_64 | 2.3-4 | 7.85 | 69.51 | 77.36 | OK | |
r-release-linux-x86_64 | 2.3-4 | 7.33 | 70.54 | 77.87 | OK | |
r-release-macos-arm64 | 2.3-4 | 36.00 | OK | |||
r-release-macos-x86_64 | 2.3-4 | 66.00 | OK | |||
r-release-windows-x86_64 | 2.3-4 | 10.00 | 85.00 | 95.00 | OK | |
r-oldrel-macos-arm64 | 2.3-4 | 35.00 | OK | |||
r-oldrel-macos-x86_64 | 2.3-4 | 52.00 | OK | |||
r-oldrel-windows-x86_64 | 2.3-4 | 13.00 | 104.00 | 117.00 | OK |
Version: 2.3-4
Check: CRAN incoming feasibility
Result: NOTE
Maintainer: ‘Hana Sevcikova <hanas@uw.edu>’
No Authors@R field in DESCRIPTION.
Please add one, modifying
Authors@R: person(given = "Hana",
family = "Sevcikova",
role = c("aut", "cre"),
email = "hanas@uw.edu")
as necessary.
Flavors: r-devel-linux-x86_64-debian-clang, r-devel-linux-x86_64-debian-gcc