Last updated on 2024-04-24 01:52:31 CEST.
Flavor | Version | Tinstall | Tcheck | Ttotal | Status | Flags |
---|---|---|---|---|---|---|
r-devel-linux-x86_64-debian-clang | 3.0.2 | 65.39 | 85.47 | 150.86 | OK | |
r-devel-linux-x86_64-debian-gcc | 3.0.2 | 55.06 | 64.07 | 119.13 | OK | |
r-devel-linux-x86_64-fedora-clang | 3.0.2 | 214.51 | NOTE | |||
r-devel-linux-x86_64-fedora-gcc | 3.0.2 | 201.37 | NOTE | |||
r-prerel-macos-arm64 | 3.0.2 | 61.00 | NOTE | |||
r-prerel-macos-x86_64 | 3.0.2 | 120.00 | NOTE | |||
r-prerel-windows-x86_64 | 3.0.2 | 57.00 | 108.00 | 165.00 | NOTE | |
r-patched-linux-x86_64 | 3.0.2 | 66.02 | 81.00 | 147.02 | OK | |
r-release-linux-x86_64 | 3.0.2 | 49.06 | 80.41 | 129.47 | OK | |
r-release-macos-arm64 | 3.0.2 | 73.00 | NOTE | |||
r-release-macos-x86_64 | 3.0.2 | 128.00 | NOTE | |||
r-release-windows-x86_64 | 3.0.2 | 72.00 | 123.00 | 195.00 | NOTE | |
r-oldrel-macos-arm64 | 3.0.2 | 70.00 | NOTE | |||
r-oldrel-windows-x86_64 | 3.0.2 | 72.00 | 118.00 | 190.00 | NOTE |
Version: 3.0.2
Check: installed package size
Result: NOTE
installed size is 5.7Mb
sub-directories of 1Mb or more:
data 3.5Mb
help 1.9Mb
Flavors: r-devel-linux-x86_64-fedora-clang, r-prerel-macos-arm64, r-prerel-macos-x86_64, r-prerel-windows-x86_64, r-release-macos-arm64, r-release-macos-x86_64, r-release-windows-x86_64, r-oldrel-macos-arm64, r-oldrel-windows-x86_64
Version: 3.0.2
Check: dependencies in R code
Result: NOTE
Namespaces in Imports field not imported from:
‘future’ ‘tidyr’
All declared Imports should be used.
Flavors: r-devel-linux-x86_64-fedora-clang, r-devel-linux-x86_64-fedora-gcc