Last updated on 2024-07-18 01:55:47 CEST.
Flavor | Version | Tinstall | Tcheck | Ttotal | Status | Flags |
---|---|---|---|---|---|---|
r-devel-linux-x86_64-debian-clang | 3.0.2 | 7.22 | 54.25 | 61.47 | OK | |
r-devel-linux-x86_64-debian-gcc | 3.0.2 | 6.05 | 39.70 | 45.75 | OK | |
r-devel-linux-x86_64-fedora-clang | 3.0.2 | 76.90 | NOTE | |||
r-devel-linux-x86_64-fedora-gcc | 3.0.2 | 71.64 | NOTE | |||
r-devel-windows-x86_64 | 3.0.2 | 8.00 | 58.00 | 66.00 | OK | |
r-patched-linux-x86_64 | 3.0.2 | 5.44 | 50.32 | 55.76 | OK | |
r-release-linux-x86_64 | 3.0.2 | 5.30 | 50.22 | 55.52 | OK | |
r-release-macos-arm64 | 3.0.2 | 28.00 | OK | |||
r-release-macos-x86_64 | 3.0.2 | 35.00 | OK | |||
r-release-windows-x86_64 | 3.0.2 | 7.00 | 59.00 | 66.00 | OK | |
r-oldrel-macos-arm64 | 3.0.2 | 26.00 | OK | |||
r-oldrel-macos-x86_64 | 3.0.2 | 41.00 | OK | |||
r-oldrel-windows-x86_64 | 3.0.2 | 10.00 | 66.00 | 76.00 | OK |
Version: 3.0.2
Check: data for non-ASCII characters
Result: NOTE
Note: found 268 marked UTF-8 strings
Flavors: r-devel-linux-x86_64-fedora-clang, r-devel-linux-x86_64-fedora-gcc