Last updated on 2024-03-28 01:54:15 CET.
Flavor | Version | Tinstall | Tcheck | Ttotal | Status | Flags |
---|---|---|---|---|---|---|
r-devel-linux-x86_64-debian-clang | 1.7.7.1 | 615.63 | 323.66 | 939.29 | NOTE | |
r-devel-linux-x86_64-debian-gcc | 1.7.7.1 | 630.77 | 269.00 | 899.77 | NOTE | |
r-devel-linux-x86_64-fedora-clang | 1.7.7.1 | 1459.69 | NOTE | |||
r-devel-linux-x86_64-fedora-gcc | 1.7.7.1 | 1699.40 | NOTE | |||
r-devel-windows-x86_64 | 1.7.7.1 | 548.00 | 299.00 | 847.00 | NOTE | |
r-patched-linux-x86_64 | 1.7.7.1 | 759.49 | 338.21 | 1097.70 | NOTE | |
r-release-linux-x86_64 | 1.7.7.1 | 755.35 | 334.47 | 1089.82 | NOTE | |
r-release-macos-arm64 | 1.7.7.1 | 335.00 | NOTE | |||
r-release-macos-x86_64 | 1.7.7.1 | 561.00 | NOTE | |||
r-release-windows-x86_64 | 1.7.7.1 | 672.00 | 398.00 | 1070.00 | NOTE | |
r-oldrel-macos-arm64 | 1.7.7.1 | 316.00 | NOTE | |||
r-oldrel-windows-x86_64 | 1.7.7.1 | 617.00 | 389.00 | 1006.00 | NOTE |
Version: 1.7.7.1
Check: for GNU extensions in Makefiles
Result: NOTE
GNU make is a SystemRequirements.
Flavors: r-devel-linux-x86_64-debian-clang, r-devel-linux-x86_64-debian-gcc, r-devel-linux-x86_64-fedora-clang, r-devel-linux-x86_64-fedora-gcc, r-devel-windows-x86_64, r-patched-linux-x86_64, r-release-linux-x86_64, r-release-macos-arm64, r-release-macos-x86_64, r-release-windows-x86_64, r-oldrel-macos-arm64, r-oldrel-windows-x86_64
Version: 1.7.7.1
Check: installed package size
Result: NOTE
installed size is 5.7Mb
sub-directories of 1Mb or more:
libs 4.8Mb
Flavors: r-devel-linux-x86_64-fedora-clang, r-devel-windows-x86_64, r-release-macos-arm64, r-release-macos-x86_64, r-release-windows-x86_64, r-oldrel-macos-arm64, r-oldrel-windows-x86_64