Last updated on 2025-05-19 02:49:52 CEST.
Flavor | Version | Tinstall | Tcheck | Ttotal | Status | Flags |
---|---|---|---|---|---|---|
r-devel-linux-x86_64-debian-clang | 0.0.42 | 18.48 | 108.51 | 126.99 | NOTE | |
r-devel-linux-x86_64-debian-gcc | 0.0.42 | 12.78 | 71.63 | 84.41 | NOTE | |
r-devel-linux-x86_64-fedora-clang | 0.0.42 | 198.34 | OK | |||
r-devel-linux-x86_64-fedora-gcc | 0.0.42 | 187.82 | OK | |||
r-devel-windows-x86_64 | 0.0.42 | 26.00 | 165.00 | 191.00 | OK | |
r-patched-linux-x86_64 | 0.0.42 | 19.17 | 99.27 | 118.44 | OK | |
r-release-linux-x86_64 | 0.0.42 | 17.41 | 100.37 | 117.78 | OK | |
r-release-macos-arm64 | 0.0.42 | 45.00 | OK | |||
r-release-macos-x86_64 | 0.0.42 | 113.00 | OK | |||
r-release-windows-x86_64 | 0.0.42 | 24.00 | 156.00 | 180.00 | OK | |
r-oldrel-macos-arm64 | 0.0.42 | 45.00 | OK | |||
r-oldrel-macos-x86_64 | 0.0.42 | 72.00 | OK | |||
r-oldrel-windows-x86_64 | 0.0.42 | 28.00 | 176.00 | 204.00 | OK |
Version: 0.0.42
Check: CRAN incoming feasibility
Result: NOTE
Maintainer: ‘Tinniam V Ganesh <tvganesh.85@gmail.com>’
No Authors@R field in DESCRIPTION.
Please add one, modifying
Authors@R: person(given = c("Tinniam", "V"),
family = "Ganesh",
role = c("aut", "cre"),
email = "tvganesh.85@gmail.com")
as necessary.
Flavors: r-devel-linux-x86_64-debian-clang, r-devel-linux-x86_64-debian-gcc