CRAN Package Check Results for Package ztable

Last updated on 2020-08-13 19:49:38 CEST.

Flavor Version Tinstall Tcheck Ttotal Status Flags
r-devel-linux-x86_64-debian-clang 0.2.0 8.93 71.49 80.42 OK
r-devel-linux-x86_64-debian-gcc 0.2.0 6.81 60.65 67.46 OK
r-devel-linux-x86_64-fedora-clang 0.2.0 108.77 NOTE
r-devel-linux-x86_64-fedora-gcc 0.2.0 109.49 NOTE
r-devel-windows-ix86+x86_64 0.2.0 30.00 137.00 167.00 OK
r-patched-linux-x86_64 0.2.0 7.85 71.23 79.08 OK
r-patched-solaris-x86 0.2.0 156.20 NOTE
r-release-linux-x86_64 0.2.0 9.04 72.74 81.78 OK
r-release-macos-x86_64 0.2.0 NOTE
r-release-windows-ix86+x86_64 0.2.0 25.00 112.00 137.00 OK
r-oldrel-macos-x86_64 0.2.0 WARN
r-oldrel-windows-ix86+x86_64 0.2.0 15.00 117.00 132.00 OK

Check Details

Version: 0.2.0
Check: dependencies in R code
Result: NOTE
    Namespace in Imports field not imported from: ‘moonBook’
     All declared Imports should be used.
Flavors: r-devel-linux-x86_64-fedora-clang, r-devel-linux-x86_64-fedora-gcc, r-patched-solaris-x86, r-release-macos-x86_64, r-oldrel-macos-x86_64

Version: 0.2.0
Check: re-building of vignette outputs
Result: WARN
    Error(s) in re-building vignettes:
    --- re-building ‘heatmapTable.Rmd’ using rmarkdown
    Warning in engine$weave(file, quiet = quiet, encoding = enc) :
     Pandoc (>= 1.12.3) and/or pandoc-citeproc not available. Falling back to R Markdown v1.
    Loading required package: moonBook
    Welcome to package ztable ver 0.2.0
    --- finished re-building ‘heatmapTable.Rmd’
    
    --- re-building ‘ztable.Rmd’ using rmarkdown
    Warning in engine$weave(file, quiet = quiet, encoding = enc) :
     Pandoc (>= 1.12.3) and/or pandoc-citeproc not available. Falling back to R Markdown v1.
    --- finished re-building ‘ztable.Rmd’
    
    --- re-building ‘ztable_update.Rmd’ using rmarkdown
    Warning in engine$weave(file, quiet = quiet, encoding = enc) :
     Pandoc (>= 1.12.3) and/or pandoc-citeproc not available. Falling back to R Markdown v1.
    Quitting from lines 103-108 (ztable_update.Rmd)
    Error: processing vignette 'ztable_update.Rmd' failed with diagnostics:
    `render_flextable` needs to be used as a renderer for a knitr/rmarkdown R code chunk (render by rmarkdown)
    --- failed re-building ‘ztable_update.Rmd’
    
    SUMMARY: processing the following file failed:
     ‘ztable_update.Rmd’
    
    Error: Vignette re-building failed.
    Execution halted
Flavor: r-oldrel-macos-x86_64