Last updated on 2025-02-10 01:48:15 CET.
Flavor | Version | Tinstall | Tcheck | Ttotal | Status | Flags |
---|---|---|---|---|---|---|
r-devel-linux-x86_64-debian-clang | 1.0.0 | 5.37 | 46.71 | 52.08 | OK | |
r-devel-linux-x86_64-debian-gcc | 1.0.0 | 3.54 | 33.49 | 37.03 | OK | |
r-devel-linux-x86_64-fedora-clang | 1.0.0 | 84.56 | OK | |||
r-devel-linux-x86_64-fedora-gcc | 1.0.0 | 94.20 | OK | |||
r-devel-windows-x86_64 | 1.0.0 | 8.00 | 64.00 | 72.00 | OK | |
r-patched-linux-x86_64 | 1.0.0 | 5.57 | 43.66 | 49.23 | NOTE | |
r-release-linux-x86_64 | 1.0.0 | 4.49 | 44.06 | 48.55 | NOTE | |
r-release-macos-arm64 | 1.0.0 | 35.00 | NOTE | |||
r-release-macos-x86_64 | 1.0.0 | 55.00 | NOTE | |||
r-release-windows-x86_64 | 1.0.0 | 9.00 | 66.00 | 75.00 | NOTE | |
r-oldrel-macos-arm64 | 1.0.0 | 35.00 | NOTE | |||
r-oldrel-macos-x86_64 | 1.0.0 | 53.00 | NOTE | |||
r-oldrel-windows-x86_64 | 1.0.0 | 8.00 | 68.00 | 76.00 | NOTE |
Version: 1.0.0
Check: LazyData
Result: NOTE
'LazyData' is specified without a 'data' directory
Flavors: r-patched-linux-x86_64, r-release-linux-x86_64, r-release-macos-arm64, r-release-macos-x86_64, r-release-windows-x86_64, r-oldrel-macos-arm64, r-oldrel-macos-x86_64, r-oldrel-windows-x86_64