Last updated on 2025-10-31 01:48:51 CET.
| Flavor | Version | Tinstall | Tcheck | Ttotal | Status | Flags | 
|---|---|---|---|---|---|---|
| r-devel-linux-x86_64-debian-clang | 1.0.0 | 1.61 | 25.66 | 27.27 | NOTE | |
| r-devel-linux-x86_64-debian-gcc | 1.0.0 | 1.62 | 20.81 | 22.43 | NOTE | |
| r-devel-linux-x86_64-fedora-clang | 1.0.0 | 40.88 | OK | |||
| r-devel-linux-x86_64-fedora-gcc | 1.0.0 | 53.04 | OK | |||
| r-devel-windows-x86_64 | 1.0.0 | 4.00 | 48.00 | 52.00 | OK | |
| r-patched-linux-x86_64 | 1.0.0 | 1.74 | 23.83 | 25.57 | OK | |
| r-release-linux-x86_64 | 1.0.0 | 1.74 | 23.49 | 25.23 | OK | |
| r-release-macos-arm64 | 1.0.0 | 1.00 | 23.00 | 24.00 | OK | |
| r-release-macos-x86_64 | 1.0.0 | 2.00 | 43.00 | 45.00 | OK | |
| r-release-windows-x86_64 | 1.0.0 | 3.00 | 51.00 | 54.00 | OK | |
| r-oldrel-macos-arm64 | 1.0.0 | 1.00 | 28.00 | 29.00 | NOTE | |
| r-oldrel-macos-x86_64 | 1.0.0 | 2.00 | 33.00 | 35.00 | NOTE | |
| r-oldrel-windows-x86_64 | 1.0.0 | 4.00 | 53.00 | 57.00 | NOTE | 
Version: 1.0.0
Check: CRAN incoming feasibility
Result: NOTE
  Maintainer: ‘Nils Myszkowski <nmyszkowski@pace.edu>’
  
  No Authors@R field in DESCRIPTION.
  Please add one, modifying
    Authors@R: person(given = "Nils",
                      family = "Myszkowski",
                      role = c("aut", "cre"),
                      email = "nmyszkowski@pace.edu")
  as necessary.
Flavors: r-devel-linux-x86_64-debian-clang, r-devel-linux-x86_64-debian-gcc
Version: 1.0.0
Check: LazyData
Result: NOTE
    'LazyData' is specified without a 'data' directory
Flavors: r-oldrel-macos-arm64, r-oldrel-macos-x86_64, r-oldrel-windows-x86_64