Last updated on 2025-10-01 02:54:09 CEST.
Flavor | Version | Tinstall | Tcheck | Ttotal | Status | Flags |
---|---|---|---|---|---|---|
r-devel-linux-x86_64-debian-clang | 0.4.8 | 11.75 | 143.40 | 155.15 | OK | |
r-devel-linux-x86_64-debian-gcc | 0.4.8 | 7.94 | 88.01 | 95.95 | OK | |
r-devel-linux-x86_64-fedora-clang | 0.4.8 | 257.93 | OK | |||
r-devel-linux-x86_64-fedora-gcc | 0.4.8 | 243.18 | OK | |||
r-devel-windows-x86_64 | 0.4.7 | 12.00 | 149.00 | 161.00 | NOTE | |
r-patched-linux-x86_64 | 0.4.7 | 13.99 | 130.89 | 144.88 | NOTE | |
r-release-linux-x86_64 | 0.4.7 | 11.37 | 131.07 | 142.44 | NOTE | |
r-release-macos-arm64 | 0.4.8 | 59.00 | OK | |||
r-release-macos-x86_64 | 0.4.8 | 331.00 | OK | |||
r-release-windows-x86_64 | 0.4.8 | 13.00 | 150.00 | 163.00 | OK | |
r-oldrel-macos-arm64 | 0.4.7 | 61.00 | OK | |||
r-oldrel-macos-x86_64 | 0.4.8 | 342.00 | OK | |||
r-oldrel-windows-x86_64 | 0.4.8 | 18.00 | 189.00 | 207.00 | OK |
Version: 0.4.7
Check: DESCRIPTION meta-information
Result: NOTE
Missing dependency on R >= 4.1.0 because package code uses the pipe
|> or function shorthand \(...) syntax added in R 4.1.0.
File(s) using such syntax:
'deltaFibonacciCompress.Rd' 'read.AmigaBitmapFont.Rd'
'read.AmigaBitmapFontSet.Rd' 'write.AmigaBitmapFont.Rd'
Flavors: r-devel-windows-x86_64, r-patched-linux-x86_64, r-release-linux-x86_64