Last updated on 2024-08-16 01:48:12 CEST.
Flavor | Version | Tinstall | Tcheck | Ttotal | Status | Flags |
---|---|---|---|---|---|---|
r-devel-linux-x86_64-debian-clang | 0.6.6 | 6.29 | 71.43 | 77.72 | NOTE | |
r-devel-linux-x86_64-debian-gcc | 0.6.6 | 4.56 | 49.80 | 54.36 | NOTE | |
r-devel-linux-x86_64-fedora-clang | 0.6.6 | 126.73 | OK | |||
r-devel-linux-x86_64-fedora-gcc | 0.6.6 | 127.57 | OK | |||
r-devel-windows-x86_64 | 0.6.6 | 8.00 | 94.00 | 102.00 | NOTE | |
r-patched-linux-x86_64 | 0.6.6 | 9.81 | 66.63 | 76.44 | OK | |
r-release-linux-x86_64 | 0.6.6 | 5.46 | 65.91 | 71.37 | OK | |
r-release-macos-arm64 | 0.6.6 | 45.00 | OK | |||
r-release-macos-x86_64 | 0.6.6 | 68.00 | OK | |||
r-release-windows-x86_64 | 0.6.6 | 7.00 | 95.00 | 102.00 | OK | |
r-oldrel-macos-arm64 | 0.6.6 | 50.00 | OK | |||
r-oldrel-macos-x86_64 | 0.6.6 | 119.00 | OK | |||
r-oldrel-windows-x86_64 | 0.6.6 | 10.00 | 106.00 | 116.00 | OK |
Version: 0.6.6
Check: Rd cross-references
Result: NOTE
Found the following Rd file(s) with Rd \link{} targets missing package
anchors:
Andromeda-class.Rd: RSQLite
andromeda_constructor.Rd: dplyr
Please provide package anchors for all Rd \link{} targets not in the
package itself and the base packages.
Flavors: r-devel-linux-x86_64-debian-clang, r-devel-linux-x86_64-debian-gcc, r-devel-windows-x86_64