Last updated on 2024-08-16 01:48:13 CEST.
Flavor | Version | Tinstall | Tcheck | Ttotal | Status | Flags |
---|---|---|---|---|---|---|
r-devel-linux-x86_64-debian-clang | 0.1.3 | 3.89 | 35.28 | 39.17 | NOTE | |
r-devel-linux-x86_64-debian-gcc | 0.1.3 | 2.98 | 26.64 | 29.62 | NOTE | |
r-devel-linux-x86_64-fedora-clang | 0.1.3 | 64.82 | NOTE | |||
r-devel-linux-x86_64-fedora-gcc | 0.1.3 | 74.87 | NOTE | |||
r-devel-windows-x86_64 | 0.1.3 | 6.00 | 77.00 | 83.00 | NOTE | |
r-patched-linux-x86_64 | 0.1.3 | 4.52 | 33.16 | 37.68 | NOTE | |
r-release-linux-x86_64 | 0.1.3 | 3.71 | 33.46 | 37.17 | NOTE | |
r-release-macos-arm64 | 0.1.3 | 31.00 | NOTE | |||
r-release-macos-x86_64 | 0.1.3 | 52.00 | NOTE | |||
r-release-windows-x86_64 | 0.1.3 | 7.00 | 76.00 | 83.00 | NOTE | |
r-oldrel-macos-arm64 | 0.1.3 | 32.00 | NOTE | |||
r-oldrel-macos-x86_64 | 0.1.3 | 44.00 | NOTE | |||
r-oldrel-windows-x86_64 | 0.1.3 | 7.00 | 73.00 | 80.00 | NOTE |
Version: 0.1.3
Check: LazyData
Result: NOTE
'LazyData' is specified without a 'data' directory
Flavors: r-devel-linux-x86_64-debian-clang, r-devel-linux-x86_64-debian-gcc, r-devel-linux-x86_64-fedora-clang, r-devel-linux-x86_64-fedora-gcc, r-devel-windows-x86_64, r-patched-linux-x86_64, r-release-linux-x86_64, r-release-macos-arm64, r-release-macos-x86_64, r-release-windows-x86_64, r-oldrel-macos-arm64, r-oldrel-macos-x86_64, r-oldrel-windows-x86_64