Last updated on 2025-02-10 02:49:47 CET.
Flavor | Version | Tinstall | Tcheck | Ttotal | Status | Flags |
---|---|---|---|---|---|---|
r-devel-linux-x86_64-debian-clang | 1.0.0 | 1.95 | 20.29 | 22.24 | OK | |
r-devel-linux-x86_64-debian-gcc | 1.0.0 | 1.51 | 16.67 | 18.18 | OK | |
r-devel-linux-x86_64-fedora-clang | 1.0.0 | 36.65 | OK | |||
r-devel-linux-x86_64-fedora-gcc | 1.0.0 | 33.57 | OK | |||
r-devel-windows-x86_64 | 1.0.0 | 3.00 | 42.00 | 45.00 | OK | |
r-patched-linux-x86_64 | 1.0.0 | 1.94 | 19.09 | 21.03 | OK | |
r-release-linux-x86_64 | 1.0.0 | 1.65 | 19.22 | 20.87 | OK | |
r-release-macos-arm64 | 1.0.0 | 17.00 | OK | |||
r-release-macos-x86_64 | 1.0.0 | 22.00 | OK | |||
r-release-windows-x86_64 | 1.0.0 | 3.00 | 42.00 | 45.00 | OK | |
r-oldrel-macos-arm64 | 1.0.0 | 18.00 | OK | |||
r-oldrel-macos-x86_64 | 1.0.0 | 21.00 | NOTE | |||
r-oldrel-windows-x86_64 | 1.0.0 | 4.00 | 47.00 | 51.00 | OK |
Version: 1.0.0
Check: package dependencies
Result: NOTE
Package suggested but not available for checking: ‘xgboost’
Flavor: r-oldrel-macos-x86_64