Last updated on 2024-05-27 02:47:55 CEST.
Flavor | Version | Tinstall | Tcheck | Ttotal | Status | Flags |
---|---|---|---|---|---|---|
r-devel-linux-x86_64-debian-clang | 0.1.3 | 12.65 | 106.59 | 119.24 | NOTE | |
r-devel-linux-x86_64-debian-gcc | 0.1.3 | 10.08 | 75.37 | 85.45 | NOTE | |
r-devel-linux-x86_64-fedora-clang | 0.1.3 | 154.04 | NOTE | |||
r-devel-linux-x86_64-fedora-gcc | 0.1.3 | 154.90 | NOTE | |||
r-devel-windows-x86_64 | 0.1.3 | 12.00 | 83.00 | 95.00 | NOTE | |
r-patched-linux-x86_64 | 0.1.3 | 11.40 | 99.90 | 111.30 | NOTE | |
r-release-linux-x86_64 | 0.1.3 | 12.96 | 101.36 | 114.32 | NOTE | |
r-release-macos-arm64 | 0.1.3 | 43.00 | NOTE | |||
r-release-windows-x86_64 | 0.1.3 | 13.00 | 83.00 | 96.00 | NOTE | |
r-oldrel-macos-arm64 | 0.1.3 | 45.00 | NOTE | |||
r-oldrel-macos-x86_64 | 0.1.3 | 79.00 | NOTE | |||
r-oldrel-windows-x86_64 | 0.1.3 | 15.00 | 100.00 | 115.00 | NOTE |
Version: 0.1.3
Check: LazyData
Result: NOTE
'LazyData' is specified without a 'data' directory
Flavors: r-devel-linux-x86_64-debian-clang, r-devel-linux-x86_64-debian-gcc, r-devel-linux-x86_64-fedora-clang, r-devel-linux-x86_64-fedora-gcc, r-devel-windows-x86_64, r-patched-linux-x86_64, r-release-linux-x86_64, r-release-macos-arm64, r-release-windows-x86_64, r-oldrel-macos-arm64, r-oldrel-macos-x86_64, r-oldrel-windows-x86_64