Last updated on 2025-02-10 02:49:48 CET.
Flavor | Version | Tinstall | Tcheck | Ttotal | Status | Flags |
---|---|---|---|---|---|---|
r-devel-linux-x86_64-debian-clang | 3.0.3 | 25.55 | 62.79 | 88.34 | OK | |
r-devel-linux-x86_64-debian-gcc | 3.0.3 | 17.59 | 42.65 | 60.24 | OK | |
r-devel-linux-x86_64-fedora-clang | 3.0.3 | 147.62 | NOTE | |||
r-devel-linux-x86_64-fedora-gcc | 3.0.3 | 149.85 | NOTE | |||
r-devel-windows-x86_64 | 3.0.3 | 27.00 | 83.00 | 110.00 | OK | |
r-patched-linux-x86_64 | 3.0.3 | 26.11 | 57.51 | 83.62 | OK | |
r-release-linux-x86_64 | 3.0.3 | 24.23 | 59.81 | 84.04 | OK | |
r-release-macos-arm64 | 3.0.3 | 57.00 | OK | |||
r-release-macos-x86_64 | 3.0.3 | 105.00 | OK | |||
r-release-windows-x86_64 | 3.0.3 | 28.00 | 83.00 | 111.00 | OK | |
r-oldrel-macos-arm64 | 3.0.3 | 60.00 | OK | |||
r-oldrel-macos-x86_64 | 3.0.3 | 82.00 | OK | |||
r-oldrel-windows-x86_64 | 3.0.3 | 38.00 | 89.00 | 127.00 | OK |
Version: 3.0.3
Check: dependencies in R code
Result: NOTE
Namespace in Imports field not imported from: ‘httr’
All declared Imports should be used.
Flavors: r-devel-linux-x86_64-fedora-clang, r-devel-linux-x86_64-fedora-gcc