Last updated on 2025-10-31 01:48:52 CET.
| Flavor | Version | Tinstall | Tcheck | Ttotal | Status | Flags | 
|---|---|---|---|---|---|---|
| r-devel-linux-x86_64-debian-clang | 0.3.4 | 30.21 | 77.46 | 107.67 | NOTE | |
| r-devel-linux-x86_64-debian-gcc | 0.3.4 | 20.51 | 56.74 | 77.25 | NOTE | |
| r-devel-linux-x86_64-fedora-clang | 0.3.4 | 70.00 | 109.48 | 179.48 | OK | |
| r-devel-linux-x86_64-fedora-gcc | 0.3.4 | 77.00 | 162.91 | 239.91 | OK | |
| r-devel-windows-x86_64 | 0.3.4 | 35.00 | 109.00 | 144.00 | OK | |
| r-patched-linux-x86_64 | 0.3.4 | 30.19 | 74.56 | 104.75 | OK | |
| r-release-linux-x86_64 | 0.3.4 | 28.33 | 74.51 | 102.84 | OK | |
| r-release-macos-arm64 | 0.3.4 | 13.00 | 94.00 | 107.00 | OK | |
| r-release-macos-x86_64 | 0.3.4 | 21.00 | 181.00 | 202.00 | OK | |
| r-release-windows-x86_64 | 0.3.4 | 35.00 | 111.00 | 146.00 | OK | |
| r-oldrel-macos-arm64 | 0.3.4 | 13.00 | 57.00 | 70.00 | OK | |
| r-oldrel-macos-x86_64 | 0.3.4 | 18.00 | 123.00 | 141.00 | OK | |
| r-oldrel-windows-x86_64 | 0.3.4 | 41.00 | 138.00 | 179.00 | OK | 
Version: 0.3.4
Check: CRAN incoming feasibility
Result: NOTE
  Maintainer: ‘Daniel Brunner <daniel.brunner@hhu.de>’
  
  No Authors@R field in DESCRIPTION.
  Please add one, modifying
    Authors@R: c(person(given = "Daniel",
                        family = "Brunner",
                        role = c("aut", "cre"),
                        email = "daniel.brunner@hhu.de",
                        comment = "aut"),
                 person(given = "Constantin",
                        family = "Weiser",
                        role = "aut",
                        comment = "ctr"),
                 person(given = "Andre",
                        family = "Romahn",
                        role = "aut",
                        comment = "ctr"))
  as necessary.
Flavors: r-devel-linux-x86_64-debian-clang, r-devel-linux-x86_64-debian-gcc