Last updated on 2024-08-16 01:48:14 CEST.
Flavor | Version | Tinstall | Tcheck | Ttotal | Status | Flags |
---|---|---|---|---|---|---|
r-devel-linux-x86_64-debian-clang | 2024.5.9 | 10.59 | 85.41 | 96.00 | OK | |
r-devel-linux-x86_64-debian-gcc | 2024.5.9 | 7.79 | 57.09 | 64.88 | OK | |
r-devel-linux-x86_64-fedora-clang | 2024.5.9 | 157.27 | NOTE | |||
r-devel-linux-x86_64-fedora-gcc | 2024.5.9 | 156.27 | OK | |||
r-devel-windows-x86_64 | 2024.5.9 | 12.00 | 95.00 | 107.00 | NOTE | |
r-patched-linux-x86_64 | 2024.5.9 | 9.48 | 80.19 | 89.67 | OK | |
r-release-linux-x86_64 | 2024.5.9 | 10.56 | 79.56 | 90.12 | OK | |
r-release-macos-arm64 | 2024.5.9 | 51.00 | NOTE | |||
r-release-macos-x86_64 | 2024.5.9 | 77.00 | NOTE | |||
r-release-windows-x86_64 | 2024.5.9 | 13.00 | 93.00 | 106.00 | NOTE | |
r-oldrel-macos-arm64 | 2024.5.9 | 48.00 | NOTE | |||
r-oldrel-macos-x86_64 | 2024.5.9 | 118.00 | NOTE | |||
r-oldrel-windows-x86_64 | 2024.5.9 | 15.00 | 109.00 | 124.00 | NOTE |
Version: 2024.5.9
Check: installed package size
Result: NOTE
installed size is 5.3Mb
sub-directories of 1Mb or more:
doc 4.9Mb
Flavors: r-devel-linux-x86_64-fedora-clang, r-devel-windows-x86_64, r-release-macos-arm64, r-release-macos-x86_64, r-release-windows-x86_64, r-oldrel-macos-arm64, r-oldrel-macos-x86_64, r-oldrel-windows-x86_64