Last updated on 2024-08-16 01:48:13 CEST.
Flavor | Version | Tinstall | Tcheck | Ttotal | Status | Flags |
---|---|---|---|---|---|---|
r-devel-linux-x86_64-debian-clang | 0.1.7 | 16.70 | 80.50 | 97.20 | OK | |
r-devel-linux-x86_64-debian-gcc | 0.1.7 | 11.94 | 46.80 | 58.74 | OK | |
r-devel-linux-x86_64-fedora-clang | 0.1.7 | 156.53 | NOTE | |||
r-devel-linux-x86_64-fedora-gcc | 0.1.7 | 132.59 | OK | |||
r-devel-windows-x86_64 | 0.1.7 | 33.00 | 92.00 | 125.00 | OK | |
r-patched-linux-x86_64 | 0.1.7 | 12.72 | 61.38 | 74.10 | OK | |
r-release-linux-x86_64 | 0.1.7 | 15.03 | 63.80 | 78.83 | OK | |
r-release-macos-arm64 | 0.1.7 | 47.00 | OK | |||
r-release-macos-x86_64 | 0.1.7 | 112.00 | OK | |||
r-release-windows-x86_64 | 0.1.7 | 37.00 | 89.00 | 126.00 | OK | |
r-oldrel-macos-arm64 | 0.1.7 | 51.00 | OK | |||
r-oldrel-macos-x86_64 | 0.1.7 | 86.00 | OK | |||
r-oldrel-windows-x86_64 | 0.1.7 | 39.00 | 105.00 | 144.00 | OK |
Version: 0.1.7
Check: installed package size
Result: NOTE
installed size is 6.0Mb
sub-directories of 1Mb or more:
libs 5.8Mb
Flavor: r-devel-linux-x86_64-fedora-clang