Last updated on 2024-08-16 01:48:13 CEST.
Flavor | Version | Tinstall | Tcheck | Ttotal | Status | Flags |
---|---|---|---|---|---|---|
r-devel-linux-x86_64-debian-clang | 2.2-1 | 147.93 | 94.55 | 242.48 | OK | |
r-devel-linux-x86_64-debian-gcc | 2.2-1 | 110.82 | 63.38 | 174.20 | OK | |
r-devel-linux-x86_64-fedora-clang | 2.2-1 | 413.88 | NOTE | |||
r-devel-linux-x86_64-fedora-gcc | 2.2-1 | 471.17 | OK | |||
r-devel-windows-x86_64 | 2.2-1 | 149.00 | 125.00 | 274.00 | NOTE | |
r-patched-linux-x86_64 | 2.2-1 | 155.81 | 80.72 | 236.53 | OK | |
r-release-linux-x86_64 | 2.2-1 | 151.55 | 82.01 | 233.56 | OK | |
r-release-macos-arm64 | 2.2-1 | 127.00 | NOTE | |||
r-release-macos-x86_64 | 2.2-1 | 188.00 | NOTE | |||
r-release-windows-x86_64 | 2.2-1 | 148.00 | 122.00 | 270.00 | NOTE | |
r-oldrel-macos-arm64 | 2.2-1 | 255.00 | NOTE | |||
r-oldrel-macos-x86_64 | 2.2-1 | 344.00 | NOTE | |||
r-oldrel-windows-x86_64 | 2.2-1 | 177.00 | 150.00 | 327.00 | NOTE |
Version: 2.2-1
Check: installed package size
Result: NOTE
installed size is 5.4Mb
sub-directories of 1Mb or more:
data 1.5Mb
doc 1.4Mb
libs 1.7Mb
Flavors: r-devel-linux-x86_64-fedora-clang, r-devel-windows-x86_64, r-release-macos-arm64, r-release-macos-x86_64, r-release-windows-x86_64, r-oldrel-macos-arm64, r-oldrel-macos-x86_64, r-oldrel-windows-x86_64