Last updated on 2025-10-31 01:48:52 CET.
| Flavor | Version | Tinstall | Tcheck | Ttotal | Status | Flags | 
|---|---|---|---|---|---|---|
| r-devel-linux-x86_64-debian-clang | 1.4 | 6.24 | 63.52 | 69.76 | NOTE | |
| r-devel-linux-x86_64-debian-gcc | 1.4 | 4.71 | 45.02 | 49.73 | NOTE | |
| r-devel-linux-x86_64-fedora-clang | 1.4 | 18.00 | 91.72 | 109.72 | OK | |
| r-devel-linux-x86_64-fedora-gcc | 1.4 | 16.00 | 87.38 | 103.38 | OK | |
| r-devel-windows-x86_64 | 1.4 | 8.00 | 72.00 | 80.00 | OK | |
| r-patched-linux-x86_64 | 1.4 | 5.62 | 57.73 | 63.35 | OK | |
| r-release-linux-x86_64 | 1.4 | 5.84 | 58.29 | 64.13 | OK | |
| r-release-macos-arm64 | 1.4 | 3.00 | 28.00 | 31.00 | OK | |
| r-release-macos-x86_64 | 1.4 | 5.00 | 46.00 | 51.00 | OK | |
| r-release-windows-x86_64 | 1.4 | 7.00 | 72.00 | 79.00 | OK | |
| r-oldrel-macos-arm64 | 1.4 | 3.00 | 26.00 | 29.00 | OK | |
| r-oldrel-macos-x86_64 | 1.4 | 4.00 | 48.00 | 52.00 | OK | |
| r-oldrel-windows-x86_64 | 1.4 | 11.00 | 90.00 | 101.00 | OK | 
Version: 1.4
Check: CRAN incoming feasibility
Result: NOTE
  Maintainer: ‘Blondeau Da Silva Stephane <Stephane.Blondeau-Da-Silva@ac-limoges.fr>’
  
  No Authors@R field in DESCRIPTION.
  Please add one, modifying
    Authors@R: person(given = c("Blondeau", "Da", "Silva"),
                      family = "Stephane",
                      role = c("aut", "cre"),
                      email = "stephane.blondeau-da-silva@ac-limoges.fr")
  as necessary.
Flavors: r-devel-linux-x86_64-debian-clang, r-devel-linux-x86_64-debian-gcc