Last updated on 2025-05-14 01:50:50 CEST.
Flavor | Version | Tinstall | Tcheck | Ttotal | Status | Flags |
---|---|---|---|---|---|---|
r-devel-linux-x86_64-debian-clang | 1.4 | 5.68 | 53.00 | 58.68 | NOTE | |
r-devel-linux-x86_64-debian-gcc | 1.4 | 3.50 | 36.66 | 40.16 | NOTE | |
r-devel-linux-x86_64-fedora-clang | 1.4 | 98.00 | OK | |||
r-devel-linux-x86_64-fedora-gcc | 1.4 | 92.39 | OK | |||
r-devel-windows-x86_64 | 1.4 | 8.00 | 65.00 | 73.00 | OK | |
r-patched-linux-x86_64 | 1.4 | 5.20 | 50.03 | 55.23 | OK | |
r-release-linux-x86_64 | 1.4 | 5.25 | 48.99 | 54.24 | OK | |
r-release-macos-arm64 | 1.4 | 31.00 | OK | |||
r-release-macos-x86_64 | 1.4 | 51.00 | OK | |||
r-release-windows-x86_64 | 1.4 | 8.00 | 66.00 | 74.00 | OK | |
r-oldrel-macos-arm64 | 1.4 | 29.00 | OK | |||
r-oldrel-macos-x86_64 | 1.4 | 52.00 | OK | |||
r-oldrel-windows-x86_64 | 1.4 | 10.00 | 79.00 | 89.00 | OK |
Version: 1.4
Check: CRAN incoming feasibility
Result: NOTE
Maintainer: ‘Blondeau Da Silva Stephane <Stephane.Blondeau-Da-Silva@ac-limoges.fr>’
No Authors@R field in DESCRIPTION.
Please add one, modifying
Authors@R: person(given = c("Blondeau", "Da", "Silva"),
family = "Stephane",
role = c("aut", "cre"),
email = "stephane.blondeau-da-silva@ac-limoges.fr")
as necessary.
Flavors: r-devel-linux-x86_64-debian-clang, r-devel-linux-x86_64-debian-gcc