Last updated on 2024-08-16 01:48:13 CEST.
Flavor | Version | Tinstall | Tcheck | Ttotal | Status | Flags |
---|---|---|---|---|---|---|
r-devel-linux-x86_64-debian-clang | 0.0.10 | 18.92 | 149.54 | 168.46 | NOTE | |
r-devel-linux-x86_64-debian-gcc | 0.0.10 | 12.30 | 99.94 | 112.24 | NOTE | |
r-devel-linux-x86_64-fedora-clang | 0.0.10 | 262.04 | OK | |||
r-devel-linux-x86_64-fedora-gcc | 0.0.10 | 240.82 | OK | |||
r-devel-windows-x86_64 | 0.0.10 | 19.00 | 141.00 | 160.00 | NOTE | |
r-patched-linux-x86_64 | 0.0.10 | 20.74 | 132.09 | 152.83 | OK | |
r-release-linux-x86_64 | 0.0.10 | 15.92 | 134.05 | 149.97 | OK | |
r-release-macos-arm64 | 0.0.10 | 46.00 | OK | |||
r-release-macos-x86_64 | 0.0.10 | 101.00 | OK | |||
r-release-windows-x86_64 | 0.0.10 | 18.00 | 140.00 | 158.00 | OK | |
r-oldrel-macos-arm64 | 0.0.10 | 53.00 | OK | |||
r-oldrel-macos-x86_64 | 0.0.10 | 86.00 | OK | |||
r-oldrel-windows-x86_64 | 0.0.10 | 26.00 | 181.00 | 207.00 | OK |
Version: 0.0.10
Check: Rd cross-references
Result: NOTE
Found the following Rd file(s) with Rd \link{} targets missing package
anchors:
covsum_nested.Rd: mixed
rm_covsum_nested.Rd: covsum, mixed, outTable
Please provide package anchors for all Rd \link{} targets not in the
package itself and the base packages.
Flavors: r-devel-linux-x86_64-debian-clang, r-devel-linux-x86_64-debian-gcc, r-devel-windows-x86_64