CRAN Package Check Results for Package BivGeo

Last updated on 2025-02-10 01:48:17 CET.

Flavor Version Tinstall Tcheck Ttotal Status Flags
r-devel-linux-x86_64-debian-clang 2.0.1 2.24 20.10 22.34 OK
r-devel-linux-x86_64-debian-gcc 2.0.1 1.59 15.45 17.04 OK
r-devel-linux-x86_64-fedora-clang 2.0.1 36.98 OK
r-devel-linux-x86_64-fedora-gcc 2.0.1 33.95 OK
r-devel-windows-x86_64 2.0.1 5.00 42.00 47.00 OK
r-patched-linux-x86_64 2.0.1 2.24 18.82 21.06 NOTE
r-release-linux-x86_64 2.0.1 1.83 19.16 20.99 NOTE
r-release-macos-arm64 2.0.1 22.00 NOTE
r-release-macos-x86_64 2.0.1 20.00 NOTE
r-release-windows-x86_64 2.0.1 3.00 40.00 43.00 NOTE
r-oldrel-macos-arm64 2.0.1 15.00 NOTE
r-oldrel-macos-x86_64 2.0.1 20.00 NOTE
r-oldrel-windows-x86_64 2.0.1 4.00 41.00 45.00 NOTE

Check Details

Version: 2.0.1
Check: LazyData
Result: NOTE 'LazyData' is specified without a 'data' directory Flavors: r-patched-linux-x86_64, r-release-linux-x86_64, r-release-macos-arm64, r-release-macos-x86_64, r-release-windows-x86_64, r-oldrel-macos-arm64, r-oldrel-macos-x86_64, r-oldrel-windows-x86_64