CRAN Package Check Results for Package BsMD

Last updated on 2025-11-24 01:48:33 CET.

Flavor Version Tinstall Tcheck Ttotal Status Flags
r-devel-linux-x86_64-debian-clang 2023.920 5.71 40.31 46.02 NOTE
r-devel-linux-x86_64-debian-gcc 2023.920 3.74 31.14 34.88 NOTE
r-devel-linux-x86_64-fedora-clang 2023.920 12.00 57.16 69.16 OK
r-devel-windows-x86_64 2023.920 8.00 72.00 80.00 OK
r-patched-linux-x86_64 2023.920 5.48 37.79 43.27 OK
r-release-linux-x86_64 2023.920 4.35 37.38 41.73 OK
r-release-macos-arm64 2023.920 OK
r-release-macos-x86_64 2023.920 6.00 56.00 62.00 OK
r-release-windows-x86_64 2023.920 8.00 70.00 78.00 OK
r-oldrel-macos-arm64 2023.920 OK
r-oldrel-macos-x86_64 2023.920 5.00 42.00 47.00 OK
r-oldrel-windows-x86_64 2023.920 8.00 75.00 83.00 OK

Check Details

Version: 2023.920
Check: CRAN incoming feasibility
Result: NOTE Maintainer: ‘Ernesto Barrios <ebarrios@itam.mx>’ No Authors@R field in DESCRIPTION. Please add one, modifying Authors@R: c(person(given = c("Ernesto", "Barrios", "based", "on", "Daniel", "Meyer's"), family = "code.", role = "aut"), person(given = "Ernesto", family = "Barrios", role = "cre", email = "ebarrios@itam.mx")) as necessary. Flavors: r-devel-linux-x86_64-debian-clang, r-devel-linux-x86_64-debian-gcc