Last updated on 2025-02-14 02:49:40 CET.
Flavor | Version | Tinstall | Tcheck | Ttotal | Status | Flags |
---|---|---|---|---|---|---|
r-devel-linux-x86_64-debian-clang | 0.6.1 | 44.78 | 33.77 | 78.55 | NOTE | |
r-devel-linux-x86_64-debian-gcc | 0.6.1 | 32.84 | 26.98 | 59.82 | NOTE | |
r-devel-linux-x86_64-fedora-clang | 0.6.1 | 170.15 | NOTE | |||
r-devel-linux-x86_64-fedora-gcc | 0.6.1 | 159.70 | NOTE | |||
r-devel-windows-x86_64 | 0.6.1 | 55.00 | 89.00 | 144.00 | NOTE | |
r-patched-linux-x86_64 | 0.6.1 | 44.69 | 31.83 | 76.52 | NOTE | |
r-release-linux-x86_64 | 0.6.1 | 45.36 | 31.99 | 77.35 | NOTE | |
r-release-macos-arm64 | 0.6.1 | 48.00 | NOTE | |||
r-release-macos-x86_64 | 0.6.1 | 59.00 | NOTE | |||
r-release-windows-x86_64 | 0.6.1 | 55.00 | 88.00 | 143.00 | NOTE | |
r-oldrel-macos-arm64 | 0.6.1 | 48.00 | NOTE | |||
r-oldrel-macos-x86_64 | 0.6.1 | 86.00 | NOTE | |||
r-oldrel-windows-x86_64 | 0.6.1 | 60.00 | 97.00 | 157.00 | NOTE |
Version: 0.6.1
Check: C++ specification
Result: NOTE
Specified C++11: please drop specification unless essential
Flavors: r-devel-linux-x86_64-debian-clang, r-devel-linux-x86_64-debian-gcc, r-devel-linux-x86_64-fedora-clang, r-devel-linux-x86_64-fedora-gcc, r-devel-windows-x86_64, r-patched-linux-x86_64, r-release-linux-x86_64, r-release-macos-arm64, r-release-macos-x86_64, r-release-windows-x86_64, r-oldrel-macos-arm64, r-oldrel-macos-x86_64, r-oldrel-windows-x86_64
Version: 0.6.1
Check: LazyData
Result: NOTE
'LazyData' is specified without a 'data' directory
Flavors: r-patched-linux-x86_64, r-release-linux-x86_64, r-release-macos-arm64, r-release-macos-x86_64, r-release-windows-x86_64, r-oldrel-macos-arm64, r-oldrel-macos-x86_64, r-oldrel-windows-x86_64
Version: 0.6.1
Check: installed package size
Result: NOTE
installed size is 5.6Mb
sub-directories of 1Mb or more:
libs 4.8Mb
Flavors: r-release-macos-arm64, r-release-macos-x86_64, r-oldrel-macos-arm64, r-oldrel-macos-x86_64