Last updated on 2025-05-18 01:50:22 CEST.
Flavor | Version | Tinstall | Tcheck | Ttotal | Status | Flags |
---|---|---|---|---|---|---|
r-devel-linux-x86_64-debian-clang | 1.2.2 | 9.90 | 82.49 | 92.39 | NOTE | |
r-devel-linux-x86_64-debian-gcc | 1.2.2 | 7.30 | 59.34 | 66.64 | NOTE | |
r-devel-linux-x86_64-fedora-clang | 1.2.2 | 142.45 | OK | |||
r-devel-linux-x86_64-fedora-gcc | 1.2.2 | 135.79 | OK | |||
r-devel-windows-x86_64 | 1.2.2 | 10.00 | 89.00 | 99.00 | OK | |
r-patched-linux-x86_64 | 1.2.2 | 9.74 | 77.42 | 87.16 | OK | |
r-release-linux-x86_64 | 1.2.2 | 9.85 | 77.61 | 87.46 | OK | |
r-release-macos-arm64 | 1.2.2 | 44.00 | OK | |||
r-release-macos-x86_64 | 1.2.2 | 75.00 | OK | |||
r-release-windows-x86_64 | 1.2.2 | 11.00 | 93.00 | 104.00 | OK | |
r-oldrel-macos-arm64 | 1.2.2 | 40.00 | OK | |||
r-oldrel-macos-x86_64 | 1.2.2 | 59.00 | OK | |||
r-oldrel-windows-x86_64 | 1.2.2 | 14.00 | 107.00 | 121.00 | OK |
Version: 1.2.2
Check: CRAN incoming feasibility
Result: NOTE
Maintainer: ‘Sébastien Déjean <sebastien.dejean@math.univ-toulouse.fr>’
No Authors@R field in DESCRIPTION.
Please add one, modifying
Authors@R: c(person(given = "Ignacio",
family = "González",
role = "aut"),
person(given = "Sébastien",
family = "Déjean",
role = c("aut", "cre"),
email = "sebastien.dejean@math.univ-toulouse.fr"))
as necessary.
Flavors: r-devel-linux-x86_64-debian-clang, r-devel-linux-x86_64-debian-gcc