Last updated on 2024-08-16 01:48:15 CEST.
Flavor | Version | Tinstall | Tcheck | Ttotal | Status | Flags |
---|---|---|---|---|---|---|
r-devel-linux-x86_64-debian-clang | 1.4.2 | 35.84 | 387.40 | 423.24 | OK | |
r-devel-linux-x86_64-debian-gcc | 1.4.2 | 24.26 | 241.93 | 266.19 | OK | |
r-devel-linux-x86_64-fedora-clang | 1.4.2 | 687.11 | NOTE | |||
r-devel-linux-x86_64-fedora-gcc | 1.4.2 | 646.41 | NOTE | |||
r-devel-windows-x86_64 | 1.4.2 | 35.00 | 332.00 | 367.00 | OK | |
r-patched-linux-x86_64 | 1.4.2 | 37.18 | 350.49 | 387.67 | OK | |
r-release-linux-x86_64 | 1.4.2 | 36.38 | 351.32 | 387.70 | OK | |
r-release-macos-arm64 | 1.4.2 | 153.00 | OK | |||
r-release-macos-x86_64 | 1.4.2 | 468.00 | OK | |||
r-release-windows-x86_64 | 1.4.2 | 34.00 | 330.00 | 364.00 | OK | |
r-oldrel-macos-arm64 | 1.4.2 | 157.00 | OK | |||
r-oldrel-macos-x86_64 | 1.4.2 | 412.00 | OK | |||
r-oldrel-windows-x86_64 | 1.4.2 | 48.00 | 444.00 | 492.00 | OK |
Version: 1.4.2
Check: data for non-ASCII characters
Result: NOTE
Note: found 282 marked UTF-8 strings
Flavors: r-devel-linux-x86_64-fedora-clang, r-devel-linux-x86_64-fedora-gcc