Last updated on 2025-02-10 01:48:17 CET.
Flavor | Version | Tinstall | Tcheck | Ttotal | Status | Flags |
---|---|---|---|---|---|---|
r-devel-linux-x86_64-debian-clang | 1.1.0 | 2.03 | 18.19 | 20.22 | OK | |
r-devel-linux-x86_64-debian-gcc | 1.1.0 | 1.43 | 14.67 | 16.10 | OK | |
r-devel-linux-x86_64-fedora-clang | 1.1.0 | 33.41 | NOTE | |||
r-devel-linux-x86_64-fedora-gcc | 1.1.0 | 30.53 | NOTE | |||
r-devel-windows-x86_64 | 1.1.0 | 5.00 | 40.00 | 45.00 | OK | |
r-patched-linux-x86_64 | 1.1.0 | 2.14 | 16.98 | 19.12 | OK | |
r-release-linux-x86_64 | 1.1.0 | 1.25 | 17.41 | 18.66 | OK | |
r-release-macos-arm64 | 1.1.0 | 15.00 | OK | |||
r-release-macos-x86_64 | 1.1.0 | 29.00 | OK | |||
r-release-windows-x86_64 | 1.1.0 | 5.00 | 40.00 | 45.00 | OK | |
r-oldrel-macos-arm64 | 1.1.0 | 19.00 | OK | |||
r-oldrel-macos-x86_64 | 1.1.0 | 24.00 | OK | |||
r-oldrel-windows-x86_64 | 1.1.0 | 5.00 | 39.00 | 44.00 | OK |
Version: 1.1.0
Check: dependencies in R code
Result: NOTE
Namespaces in Imports field not imported from:
‘DT’ ‘batchtools’ ‘data.table’ ‘dplyr’ ‘ggplot2’ ‘htmltools’
‘jsonlite’ ‘magrittr’ ‘methods’ ‘plotly’ ‘reshape’ ‘rlang’ ‘shiny’
‘shinyWidgets’ ‘shinyjqui’ ‘shinyjs’ ‘shinymaterial’ ‘sortable’ ‘ssh’
‘xml2’
All declared Imports should be used.
Flavors: r-devel-linux-x86_64-fedora-clang, r-devel-linux-x86_64-fedora-gcc