CRAN Package Check Results for Package ClussCluster

Last updated on 2025-11-12 02:52:52 CET.

Flavor Version Tinstall Tcheck Ttotal Status Flags
r-devel-linux-x86_64-debian-clang 0.1.0 6.45 71.73 78.18 OK
r-devel-linux-x86_64-debian-gcc 0.1.0 4.02 52.58 56.60 OK
r-devel-linux-x86_64-fedora-clang 0.1.0 51.00 81.83 132.83 NOTE
r-devel-linux-x86_64-fedora-gcc 0.1.0 19.00 116.14 135.14 NOTE
r-devel-windows-x86_64 0.1.0 10.00 84.00 94.00 OK
r-patched-linux-x86_64 0.1.0 6.16 67.74 73.90 OK
r-release-linux-x86_64 0.1.0 5.78 67.79 73.57 OK
r-release-macos-arm64 0.1.0 3.00 47.00 50.00 OK
r-release-macos-x86_64 0.1.0 6.00 72.00 78.00 OK
r-release-windows-x86_64 0.1.0 8.00 79.00 87.00 OK
r-oldrel-macos-arm64 0.1.0 3.00 34.00 37.00 OK
r-oldrel-macos-x86_64 0.1.0 4.00 58.00 62.00 OK
r-oldrel-windows-x86_64 0.1.0 11.00 98.00 109.00 OK

Check Details

Version: 0.1.0
Check: dependencies in R code
Result: NOTE Namespace in Imports field not imported from: ‘utils’ All declared Imports should be used. Flavors: r-devel-linux-x86_64-fedora-clang, r-devel-linux-x86_64-fedora-gcc