Last updated on 2024-08-16 01:48:15 CEST.
Flavor | Version | Tinstall | Tcheck | Ttotal | Status | Flags |
---|---|---|---|---|---|---|
r-devel-linux-x86_64-debian-clang | 1.1.2 | 5.24 | 41.16 | 46.40 | OK | |
r-devel-linux-x86_64-debian-gcc | 1.1.2 | 3.75 | 28.85 | 32.60 | OK | |
r-devel-linux-x86_64-fedora-clang | 1.1.2 | 73.75 | OK | |||
r-devel-linux-x86_64-fedora-gcc | 1.1.2 | 66.72 | OK | |||
r-devel-windows-x86_64 | 1.1.2 | 8.00 | 58.00 | 66.00 | OK | |
r-patched-linux-x86_64 | 1.1.2 | 3.82 | 37.01 | 40.83 | OK | |
r-release-linux-x86_64 | 1.1.2 | 4.81 | 36.96 | 41.77 | OK | |
r-release-macos-arm64 | 1.1.2 | 24.00 | OK | |||
r-release-macos-x86_64 | 1.1.2 | 35.00 | OK | |||
r-release-windows-x86_64 | 1.1.2 | 8.00 | 58.00 | 66.00 | OK | |
r-oldrel-macos-arm64 | 1.1.2 | 25.00 | OK | |||
r-oldrel-macos-x86_64 | 1.1.2 | 38.00 | NOTE | |||
r-oldrel-windows-x86_64 | 1.1.2 | 9.00 | 65.00 | 74.00 | OK |
Version: 1.1.2
Check: package dependencies
Result: NOTE
Package suggested but not available for checking: ‘wTO’
Flavor: r-oldrel-macos-x86_64