Last updated on 2024-08-16 01:48:15 CEST.
Flavor | Version | Tinstall | Tcheck | Ttotal | Status | Flags |
---|---|---|---|---|---|---|
r-devel-linux-x86_64-debian-clang | 1.0 | 5.73 | 57.13 | 62.86 | NOTE | |
r-devel-linux-x86_64-debian-gcc | 1.0 | 4.36 | 38.73 | 43.09 | NOTE | |
r-devel-linux-x86_64-fedora-clang | 1.0 | 97.08 | NOTE | |||
r-devel-linux-x86_64-fedora-gcc | 1.0 | 89.44 | NOTE | |||
r-devel-windows-x86_64 | 1.0 | 8.00 | 75.00 | 83.00 | NOTE | |
r-patched-linux-x86_64 | 1.0 | 5.66 | 50.72 | 56.38 | NOTE | |
r-release-linux-x86_64 | 1.0 | 5.42 | 50.68 | 56.10 | NOTE | |
r-release-macos-arm64 | 1.0 | 29.00 | NOTE | |||
r-release-macos-x86_64 | 1.0 | 60.00 | NOTE | |||
r-release-windows-x86_64 | 1.0 | 9.00 | 76.00 | 85.00 | NOTE | |
r-oldrel-macos-arm64 | 1.0 | 32.00 | OK | |||
r-oldrel-macos-x86_64 | 1.0 | 100.00 | OK | |||
r-oldrel-windows-x86_64 | 1.0 | 9.00 | 87.00 | 96.00 | OK |
Version: 1.0
Check: Rd files
Result: NOTE
checkRd: (-1) CovrgPlot.Rd:28: Lost braces; missing escapes or markup?
28 | \item{plotCI}{a vector of up to 4 numbers out of the set {1,2,3,4}, corresponding to which
| ^
Flavors: r-devel-linux-x86_64-debian-clang, r-devel-linux-x86_64-debian-gcc, r-devel-linux-x86_64-fedora-clang, r-devel-linux-x86_64-fedora-gcc, r-devel-windows-x86_64, r-patched-linux-x86_64, r-release-linux-x86_64, r-release-macos-arm64, r-release-macos-x86_64, r-release-windows-x86_64