Last updated on 2024-08-16 01:48:15 CEST.
Flavor | Version | Tinstall | Tcheck | Ttotal | Status | Flags |
---|---|---|---|---|---|---|
r-devel-linux-x86_64-debian-clang | 1.3.3 | 3.03 | 66.50 | 69.53 | OK | |
r-devel-linux-x86_64-debian-gcc | 1.3.3 | 2.48 | 45.38 | 47.86 | OK | |
r-devel-linux-x86_64-fedora-clang | 1.3.3 | 112.49 | OK | |||
r-devel-linux-x86_64-fedora-gcc | 1.3.3 | 123.95 | OK | |||
r-devel-windows-x86_64 | 1.3.3 | 5.00 | 80.00 | 85.00 | OK | |
r-patched-linux-x86_64 | 1.3.3 | 3.24 | 60.06 | 63.30 | OK | |
r-release-linux-x86_64 | 1.3.3 | 3.16 | 61.16 | 64.32 | OK | |
r-release-macos-arm64 | 1.3.3 | 36.00 | OK | |||
r-release-macos-x86_64 | 1.3.3 | 59.00 | OK | |||
r-release-windows-x86_64 | 1.3.3 | 5.00 | 80.00 | 85.00 | OK | |
r-oldrel-macos-arm64 | 1.3.3 | 33.00 | NOTE | |||
r-oldrel-macos-x86_64 | 1.3.3 | 57.00 | NOTE | |||
r-oldrel-windows-x86_64 | 1.3.3 | 5.00 | 93.00 | 98.00 | OK |
Version: 1.3.3
Check: package dependencies
Result: NOTE
Package suggested but not available for checking: ‘xcms’
Flavors: r-oldrel-macos-arm64, r-oldrel-macos-x86_64