Last updated on 2024-08-16 01:48:15 CEST.
Flavor | Version | Tinstall | Tcheck | Ttotal | Status | Flags |
---|---|---|---|---|---|---|
r-devel-linux-x86_64-debian-clang | 1.4.9 | 3.66 | 33.70 | 37.36 | OK | |
r-devel-linux-x86_64-debian-gcc | 1.4.9 | 2.55 | 23.60 | 26.15 | OK | |
r-devel-linux-x86_64-fedora-clang | 1.4.9 | 55.23 | NOTE | |||
r-devel-linux-x86_64-fedora-gcc | 1.4.9 | 51.72 | NOTE | |||
r-devel-windows-x86_64 | 1.4.9 | 6.00 | 51.00 | 57.00 | OK | |
r-patched-linux-x86_64 | 1.4.9 | 3.77 | 29.45 | 33.22 | OK | |
r-release-linux-x86_64 | 1.4.9 | 2.69 | 29.62 | 32.31 | OK | |
r-release-macos-arm64 | 1.4.9 | 24.00 | OK | |||
r-release-macos-x86_64 | 1.4.9 | 39.00 | OK | |||
r-release-windows-x86_64 | 1.4.9 | 6.00 | 51.00 | 57.00 | OK | |
r-oldrel-macos-arm64 | 1.4.9 | 27.00 | OK | |||
r-oldrel-macos-x86_64 | 1.4.9 | 43.00 | OK | |||
r-oldrel-windows-x86_64 | 1.4.9 | 7.00 | 55.00 | 62.00 | OK |
Version: 1.4.9
Check: dependencies in R code
Result: NOTE
Namespaces in Imports field not imported from:
‘DT’ ‘dplyr’ ‘geosphere’ ‘mapdata’ ‘maps’ ‘marmap’ ‘shinydashboard’
‘shinyjs’ ‘stringr’ ‘swfscDAS’
All declared Imports should be used.
Flavors: r-devel-linux-x86_64-fedora-clang, r-devel-linux-x86_64-fedora-gcc