Last updated on 2024-07-27 01:53:09 CEST.
Flavor | Version | Tinstall | Tcheck | Ttotal | Status | Flags |
---|---|---|---|---|---|---|
r-devel-linux-x86_64-debian-clang | 1.5.0 | 9.75 | 50.40 | 60.15 | OK | |
r-devel-linux-x86_64-debian-gcc | 1.5.0 | 6.53 | 36.63 | 43.16 | OK | |
r-devel-linux-x86_64-fedora-clang | 1.5.0 | 82.67 | NOTE | |||
r-devel-linux-x86_64-fedora-gcc | 1.5.0 | 72.88 | NOTE | |||
r-devel-windows-x86_64 | 1.5.0 | 10.00 | 61.00 | 71.00 | OK | |
r-patched-linux-x86_64 | 1.5.0 | OK | ||||
r-release-linux-x86_64 | 1.5.0 | 9.80 | 47.16 | 56.96 | OK | |
r-release-macos-arm64 | 1.5.0 | 31.00 | OK | |||
r-release-macos-x86_64 | 1.5.0 | 42.00 | OK | |||
r-release-windows-x86_64 | 1.5.0 | 8.00 | 60.00 | 68.00 | OK | |
r-oldrel-macos-arm64 | 1.5.0 | 25.00 | OK | |||
r-oldrel-macos-x86_64 | 1.5.0 | 40.00 | OK | |||
r-oldrel-windows-x86_64 | 1.5.0 | 11.00 | 78.00 | 89.00 | OK |
Version: 1.5.0
Check: compiled code
Result: NOTE
File ‘DALY/libs/DALY.so’:
Found no calls to: ‘R_registerRoutines’, ‘R_useDynamicSymbols’
It is good practice to register native routines and to disable symbol
search.
See ‘Writing portable packages’ in the ‘Writing R Extensions’ manual.
Flavors: r-devel-linux-x86_64-fedora-clang, r-devel-linux-x86_64-fedora-gcc