Last updated on 2024-08-16 01:48:16 CEST.
Flavor | Version | Tinstall | Tcheck | Ttotal | Status | Flags |
---|---|---|---|---|---|---|
r-devel-linux-x86_64-debian-clang | 2.0.5 | 10.91 | 35.70 | 46.61 | NOTE | |
r-devel-linux-x86_64-debian-gcc | 2.0.5 | 8.03 | 26.00 | 34.03 | NOTE | |
r-devel-linux-x86_64-fedora-clang | 2.0.5 | 80.85 | NOTE | |||
r-devel-linux-x86_64-fedora-gcc | 2.0.5 | 89.29 | NOTE | |||
r-devel-windows-x86_64 | 2.0.5 | 14.00 | 80.00 | 94.00 | NOTE | |
r-patched-linux-x86_64 | 2.0.5 | 11.66 | 32.64 | 44.30 | NOTE | |
r-release-linux-x86_64 | 2.0.5 | 10.82 | 32.47 | 43.29 | NOTE | |
r-release-macos-arm64 | 2.0.5 | 32.00 | NOTE | |||
r-release-macos-x86_64 | 2.0.5 | 50.00 | NOTE | |||
r-release-windows-x86_64 | 2.0.5 | 13.00 | 78.00 | 91.00 | NOTE | |
r-oldrel-macos-arm64 | 2.0.5 | 33.00 | NOTE | |||
r-oldrel-macos-x86_64 | 2.0.5 | 50.00 | NOTE | |||
r-oldrel-windows-x86_64 | 2.0.5 | 14.00 | 89.00 | 103.00 | NOTE |
Version: 2.0.5
Check: package subdirectories
Result: NOTE
Problems with news in ‘NEWS.md’:
No news entries found.
Flavors: r-devel-linux-x86_64-debian-clang, r-devel-linux-x86_64-debian-gcc, r-devel-linux-x86_64-fedora-clang, r-devel-linux-x86_64-fedora-gcc, r-devel-windows-x86_64, r-patched-linux-x86_64, r-release-linux-x86_64, r-release-macos-arm64, r-release-macos-x86_64, r-release-windows-x86_64, r-oldrel-macos-arm64, r-oldrel-macos-x86_64, r-oldrel-windows-x86_64