Last updated on 2025-11-14 01:51:35 CET.
| Flavor | Version | Tinstall | Tcheck | Ttotal | Status | Flags |
|---|---|---|---|---|---|---|
| r-devel-linux-x86_64-debian-clang | 1.0 | 96.12 | 293.44 | 389.56 | WARN | |
| r-devel-linux-x86_64-debian-gcc | 1.0.1 | 67.89 | 174.85 | 242.74 | OK | |
| r-devel-linux-x86_64-fedora-clang | 1.0.1 | 452.00 | 940.79 | 1392.79 | OK | |
| r-devel-linux-x86_64-fedora-gcc | 1.0.1 | 167.00 | 1847.99 | 2014.99 | OK | |
| r-devel-windows-x86_64 | 1.0.1 | 110.00 | 257.00 | 367.00 | OK | |
| r-patched-linux-x86_64 | 1.0.1 | 99.42 | 248.61 | 348.03 | OK | |
| r-release-linux-x86_64 | 1.0 | 102.47 | 250.48 | 352.95 | WARN | |
| r-release-macos-arm64 | 1.0.1 | 36.00 | 132.00 | 168.00 | OK | |
| r-release-macos-x86_64 | 1.0.1 | 63.00 | 232.00 | 295.00 | OK | |
| r-release-windows-x86_64 | 1.0.1 | 98.00 | 239.00 | 337.00 | OK | |
| r-oldrel-macos-arm64 | 1.0.1 | 36.00 | 151.00 | 187.00 | NOTE | |
| r-oldrel-macos-x86_64 | 1.0.1 | 47.00 | 275.00 | 322.00 | NOTE | |
| r-oldrel-windows-x86_64 | 1.0.1 | 83.00 | 325.00 | 408.00 | OK |
Version: 1.0
Check: whether package can be installed
Result: WARN
Found the following significant warnings:
marginal.d.cpp:156:76: warning: 'from<double, arma::Glue<arma::Glue<arma::subview_row<double>, arma::Op<arma::Mat<double>, arma::op_inv_spd_default>, arma::glue_times>, arma::Col<double>, arma::glue_times>>' is deprecated: replace conv_to<...>::from(X) with as_scalar(X) [-Wdeprecated-declarations]
marginal.d.cpp:169:74: warning: 'from<double, arma::Glue<arma::Glue<arma::subview_row<double>, arma::Op<arma::Mat<double>, arma::op_inv_spd_default>, arma::glue_times>, arma::Col<double>, arma::glue_times>>' is deprecated: replace conv_to<...>::from(X) with as_scalar(X) [-Wdeprecated-declarations]
marginal.d.cpp:190:121: warning: 'from<double, arma::Glue<arma::Glue<arma::Op<arma::eGlue<arma::Col<double>, arma::Col<double>, arma::eglue_minus>, arma::op_htrans>, arma::Op<arma::Mat<double>, arma::op_pinv_default>, arma::glue_times>, arma::eGlue<arma::Col<double>, arma::Col<double>, arma::eglue_minus>, arma::glue_times>>' is deprecated: replace conv_to<...>::from(X) with as_scalar(X) [-Wdeprecated-declarations]
sigma2.simulation.cpp:30:59: warning: 'from<double, arma::Glue<arma::subview_row<double>, arma::Col<double>, arma::glue_times>>' is deprecated: replace conv_to<...>::from(X) with as_scalar(X) [-Wdeprecated-declarations]
tau.simulation.cpp:34:55: warning: 'from<double, arma::Glue<arma::Glue<arma::Row<double>, arma::Mat<double>, arma::glue_times>, arma::Col<double>, arma::glue_times>>' is deprecated: replace conv_to<...>::from(X) with as_scalar(X) [-Wdeprecated-declarations]
See ‘/home/hornik/tmp/R.check/r-devel-clang/Work/PKGS/DIFM.Rcheck/00install.out’ for details.
* used C++ compiler: ‘Debian clang version 19.1.7 (10)’
Flavor: r-devel-linux-x86_64-debian-clang
Version: 1.0
Check: whether package can be installed
Result: WARN
Found the following significant warnings:
marginal.d.cpp:156:80: warning: ‘static out_eT arma::conv_to<out_eT>::from(const arma::Base<eT2, expr>&, const typename arma::arma_not_cx<in_eT>::result*) [with in_eT = double; T1 = arma::Glue<arma::Glue<arma::subview_row<double>, arma::Op<arma::Mat<double>, arma::op_inv_spd_default>, arma::glue_times>, arma::Col<double>, arma::glue_times>; out_eT = double; typename arma::arma_not_cx<in_eT>::result = double]’ is deprecated: replace conv_to<...>::from(X) with as_scalar(X) [-Wdeprecated-declarations]
marginal.d.cpp:169:78: warning: ‘static out_eT arma::conv_to<out_eT>::from(const arma::Base<eT2, expr>&, const typename arma::arma_not_cx<in_eT>::result*) [with in_eT = double; T1 = arma::Glue<arma::Glue<arma::subview_row<double>, arma::Op<arma::Mat<double>, arma::op_inv_spd_default>, arma::glue_times>, arma::Col<double>, arma::glue_times>; out_eT = double; typename arma::arma_not_cx<in_eT>::result = double]’ is deprecated: replace conv_to<...>::from(X) with as_scalar(X) [-Wdeprecated-declarations]
marginal.d.cpp:190:125: warning: ‘static out_eT arma::conv_to<out_eT>::from(const arma::Base<eT2, expr>&, const typename arma::arma_not_cx<in_eT>::result*) [with in_eT = double; T1 = arma::Glue<arma::Glue<arma::Op<arma::eGlue<arma::Col<double>, arma::Col<double>, arma::eglue_minus>, arma::op_htrans>, arma::Op<arma::Mat<double>, arma::op_pinv_default>, arma::glue_times>, arma::eGlue<arma::Col<double>, arma::Col<double>, arma::eglue_minus>, arma::glue_times>; out_eT = double; typename arma::arma_not_cx<in_eT>::result = double]’ is deprecated: replace conv_to<...>::from(X) with as_scalar(X) [-Wdeprecated-declarations]
sigma2.simulation.cpp:30:63: warning: ‘static out_eT arma::conv_to<out_eT>::from(const arma::Base<eT2, expr>&, const typename arma::arma_not_cx<in_eT>::result*) [with in_eT = double; T1 = arma::Glue<arma::subview_row<double>, arma::Col<double>, arma::glue_times>; out_eT = double; typename arma::arma_not_cx<in_eT>::result = double]’ is deprecated: replace conv_to<...>::from(X) with as_scalar(X) [-Wdeprecated-declarations]
tau.simulation.cpp:34:59: warning: ‘static out_eT arma::conv_to<out_eT>::from(const arma::Base<eT2, expr>&, const typename arma::arma_not_cx<in_eT>::result*) [with in_eT = double; T1 = arma::Glue<arma::Glue<arma::Row<double>, arma::Mat<double>, arma::glue_times>, arma::Col<double>, arma::glue_times>; out_eT = double; typename arma::arma_not_cx<in_eT>::result = double]’ is deprecated: replace conv_to<...>::from(X) with as_scalar(X) [-Wdeprecated-declarations]
See ‘/home/hornik/tmp/R.check/r-release-gcc/Work/PKGS/DIFM.Rcheck/00install.out’ for details.
* used C++ compiler: ‘g++-14 (Debian 14.3.0-10) 14.3.0’
Flavor: r-release-linux-x86_64
Version: 1.0.1
Check: installed package size
Result: NOTE
installed size is 6.8Mb
sub-directories of 1Mb or more:
libs 6.2Mb
Flavors: r-oldrel-macos-arm64, r-oldrel-macos-x86_64