Last updated on 2024-08-16 01:48:16 CEST.
Flavor | Version | Tinstall | Tcheck | Ttotal | Status | Flags |
---|---|---|---|---|---|---|
r-devel-linux-x86_64-debian-clang | 0.9.6 | 9.61 | 145.03 | 154.64 | OK | |
r-devel-linux-x86_64-debian-gcc | 0.9.6 | 6.30 | 86.69 | 92.99 | OK | |
r-devel-linux-x86_64-fedora-clang | 0.9.6 | 235.92 | NOTE | |||
r-devel-linux-x86_64-fedora-gcc | 0.9.6 | 226.36 | OK | |||
r-devel-windows-x86_64 | 0.9.6 | 12.00 | 142.00 | 154.00 | NOTE | |
r-patched-linux-x86_64 | 0.9.6 | 8.81 | 121.75 | 130.56 | OK | |
r-release-linux-x86_64 | 0.9.6 | 9.16 | 123.96 | 133.12 | OK | |
r-release-macos-arm64 | 0.9.6 | 69.00 | NOTE | |||
r-release-macos-x86_64 | 0.9.6 | 104.00 | NOTE | |||
r-release-windows-x86_64 | 0.9.6 | 11.00 | 142.00 | 153.00 | NOTE | |
r-oldrel-macos-arm64 | 0.9.6 | 69.00 | NOTE | |||
r-oldrel-macos-x86_64 | 0.9.6 | 175.00 | NOTE | |||
r-oldrel-windows-x86_64 | 0.9.6 | 15.00 | 183.00 | 198.00 | NOTE |
Version: 0.9.6
Check: installed package size
Result: NOTE
installed size is 5.3Mb
sub-directories of 1Mb or more:
appinformation 4.1Mb
Flavors: r-devel-linux-x86_64-fedora-clang, r-devel-windows-x86_64, r-release-macos-arm64, r-release-macos-x86_64, r-release-windows-x86_64, r-oldrel-macos-arm64, r-oldrel-macos-x86_64, r-oldrel-windows-x86_64