Last updated on 2024-08-16 01:48:16 CEST.
Flavor | Version | Tinstall | Tcheck | Ttotal | Status | Flags |
---|---|---|---|---|---|---|
r-devel-linux-x86_64-debian-clang | 2.0.9 | 5.48 | 59.14 | 64.62 | NOTE | |
r-devel-linux-x86_64-debian-gcc | 2.0.9 | 4.37 | 39.80 | 44.17 | NOTE | |
r-devel-linux-x86_64-fedora-clang | 2.0.9 | 100.98 | NOTE | |||
r-devel-linux-x86_64-fedora-gcc | 2.0.9 | 149.12 | NOTE | |||
r-devel-windows-x86_64 | 2.0.9 | 9.00 | 72.00 | 81.00 | NOTE | |
r-patched-linux-x86_64 | 2.0.9 | 5.54 | 50.94 | 56.48 | NOTE | |
r-release-linux-x86_64 | 2.0.9 | 6.30 | 51.96 | 58.26 | NOTE | |
r-release-macos-arm64 | 2.0.9 | 62.00 | NOTE | |||
r-release-macos-x86_64 | 2.0.9 | 129.00 | NOTE | |||
r-release-windows-x86_64 | 2.0.9 | 8.00 | 73.00 | 81.00 | NOTE | |
r-oldrel-macos-arm64 | 2.0.9 | 72.00 | NOTE | |||
r-oldrel-macos-x86_64 | 2.0.9 | 108.00 | NOTE | |||
r-oldrel-windows-x86_64 | 2.0.9 | 10.00 | 82.00 | 92.00 | NOTE |
Version: 2.0.9
Check: package dependencies
Result: NOTE
Package suggested but not available for checking: ‘dsBaseClient’
Flavors: r-devel-linux-x86_64-debian-clang, r-devel-linux-x86_64-debian-gcc, r-devel-linux-x86_64-fedora-clang, r-devel-linux-x86_64-fedora-gcc, r-devel-windows-x86_64, r-patched-linux-x86_64, r-release-linux-x86_64, r-release-macos-arm64, r-release-macos-x86_64, r-release-windows-x86_64, r-oldrel-macos-arm64, r-oldrel-macos-x86_64, r-oldrel-windows-x86_64