Last updated on 2024-08-16 01:48:16 CEST.
Flavor | Version | Tinstall | Tcheck | Ttotal | Status | Flags |
---|---|---|---|---|---|---|
r-devel-linux-x86_64-debian-clang | 0.3.0 | 6.46 | 55.81 | 62.27 | NOTE | |
r-devel-linux-x86_64-debian-gcc | 0.3.0 | 5.28 | 39.09 | 44.37 | NOTE | |
r-devel-linux-x86_64-fedora-clang | 0.3.0 | 91.15 | NOTE | |||
r-devel-linux-x86_64-fedora-gcc | 0.3.0 | 85.34 | NOTE | |||
r-devel-windows-x86_64 | 0.3.0 | 7.00 | 63.00 | 70.00 | NOTE | |
r-patched-linux-x86_64 | 0.3.0 | 6.60 | 48.78 | 55.38 | NOTE | |
r-release-linux-x86_64 | 0.3.0 | 5.61 | 48.38 | 53.99 | NOTE | |
r-release-macos-arm64 | 0.3.0 | 28.00 | NOTE | |||
r-release-macos-x86_64 | 0.3.0 | 42.00 | NOTE | |||
r-release-windows-x86_64 | 0.3.0 | 8.00 | 62.00 | 70.00 | NOTE | |
r-oldrel-macos-arm64 | 0.3.0 | 33.00 | NOTE | |||
r-oldrel-macos-x86_64 | 0.3.0 | 49.00 | NOTE | |||
r-oldrel-windows-x86_64 | 0.3.0 | 9.00 | 74.00 | 83.00 | NOTE |
Version: 0.3.0
Check: LazyData
Result: NOTE
'LazyData' is specified without a 'data' directory
Flavors: r-devel-linux-x86_64-debian-clang, r-devel-linux-x86_64-debian-gcc, r-devel-linux-x86_64-fedora-clang, r-devel-linux-x86_64-fedora-gcc, r-devel-windows-x86_64, r-patched-linux-x86_64, r-release-linux-x86_64, r-release-macos-arm64, r-release-macos-x86_64, r-release-windows-x86_64, r-oldrel-macos-arm64, r-oldrel-macos-x86_64, r-oldrel-windows-x86_64